{"id":24083,"date":"2025-02-05T10:38:14","date_gmt":"2025-02-05T13:38:14","guid":{"rendered":"https:\/\/magalhaesdealmeida.ma.gov.br\/transparencia\/?post_type=publicacoesdom&#038;p=24083"},"modified":"2025-02-05T10:38:14","modified_gmt":"2025-02-05T13:38:14","slug":"portaria-no-134-2025-gab","status":"publish","type":"publicacoesdom","link":"https:\/\/magalhaesdealmeida.ma.gov.br\/transparencia\/publicacoesdom\/portaria-no-134-2025-gab\/","title":{"rendered":"PORTARIA N\u00ba 134\/2025 \u2013 GAB"},"content":{"rendered":"<p><strong><u>TERMO DE RETIFICA\u00c7\u00c3O &#8211; <\/u><\/strong><strong>RETIFICA o objeto da portaria n\u00ba <\/strong><strong>\u00ba 024\/2025-GAB <\/strong>que <strong>NOMEIA <\/strong>o(a) Sr(a). <strong>MELKZEDECK ALVES LE\u00c3O<\/strong>, para exercer o cargo de <strong>Coordenador(a) do Programa de Vigil\u00e2ncia Sanit\u00e1ria, <\/strong>lotado(a) na Secretaria Municipal de Sa\u00fade &#8211; SEMUS de Magalh\u00e3es de Almeida-MA.<br \/>\n<strong>O PREFEITO MUNICIPAL DE MAGALH\u00c3ES DE ALMEIDA, Estado do Maranh\u00e3o<\/strong>, no uso de suas atribui\u00e7\u00f5es legais, de acordo com o artigo 67, inciso VI, da Lei Org\u00e2nica Municipal, <strong><u>RESOLVE<\/u><\/strong><strong>:<br \/>\n<\/strong><strong>Artigo 1\u00ba<\/strong> &#8211; <strong>RETIFICAR<\/strong> A PORTARIA <strong>N\u00b0 024\/2025-GAB<\/strong> de 15 de janeiro de 2025, publicada no Di\u00e1rio Oficial Municipal-DOM n\u00b01534 no dia 15 de janeiro de 2025.<br \/>\nOnde se l\u00ea: \u201c<strong>NOMEAR <\/strong>o(a) Sr(a). <strong>MELKZEDECK ALVES LE\u00c3O<\/strong>, brasileiro(a), maior, capaz, portador(a) do <strong>CPF n\u00ba\u00a0 004.***.**3-7, <\/strong>para exercer o cargo de <strong>Coordenador(a) do Programa de Vigil\u00e2ncia Sanit\u00e1ria, <\/strong>lotado(a) na Secretaria Municipal de Sa\u00fade &#8211; SEMUS de Magalh\u00e3es de Almeida-MA\u201d<br \/>\nLeia-se: \u201c<strong>NOMEAR <\/strong>o(a) Sr(a). <strong>MELKZEDECK ALVES LE\u00c3O<\/strong>, brasileiro(a), maior, capaz, portador(a) do <strong>CPF n\u00ba\u00a0 004.***.**3-17, <\/strong>para exercer o cargo de <strong>Coordenador(a) do Programa de Vigil\u00e2ncia Sanit\u00e1ria (DAS-4), <\/strong>lotado(a) na Secretaria Municipal de Sa\u00fade &#8211; SEMUS de Magalh\u00e3es de Almeida-MA\u201d.<br \/>\n<strong>Art. 2\u00ba<\/strong> &#8211; Esta Portaria entra em vigor na data de sua publica\u00e7\u00e3o, revogadas as disposi\u00e7\u00f5es em contr\u00e1rio.<br \/>\nLeia-se, Publique-se e Cumpra-se, em Magalh\u00e3es de Almeida\/MA, 05 de fevereiro de 2025. Raimundo Nonato Carvalho, Prefeito Municipal<\/p>\n","protected":false},"author":4,"template":"","class_list":["post-24083","publicacoesdom","type-publicacoesdom","status-publish","hentry"],"acf":{"tipo_de_publicacao_diario":"41","e_retificacao":"1","origem_do_diario":"Poder Executivo","codigo_verificador":"cfa392e4416eaee2a043bd9949fc4241175dc949"},"_links":{"self":[{"href":"https:\/\/magalhaesdealmeida.ma.gov.br\/transparencia\/wp-json\/wp\/v2\/publicacoesdom\/24083","targetHints":{"allow":["GET"]}}],"collection":[{"href":"https:\/\/magalhaesdealmeida.ma.gov.br\/transparencia\/wp-json\/wp\/v2\/publicacoesdom"}],"about":[{"href":"https:\/\/magalhaesdealmeida.ma.gov.br\/transparencia\/wp-json\/wp\/v2\/types\/publicacoesdom"}],"author":[{"embeddable":true,"href":"https:\/\/magalhaesdealmeida.ma.gov.br\/transparencia\/wp-json\/wp\/v2\/users\/4"}],"wp:attachment":[{"href":"https:\/\/magalhaesdealmeida.ma.gov.br\/transparencia\/wp-json\/wp\/v2\/media?parent=24083"}],"curies":[{"name":"wp","href":"https:\/\/api.w.org\/{rel}","templated":true}]}}

PORTARIA Nº 134/2025 – GAB

<p><strong><u>TERMO DE RETIFICAÇÃO &#8211; </u></strong><strong>RETIFICA o objeto da portaria nº </strong><strong>º 024/2025-GAB </strong>que <strong>NOMEIA </strong>o(a) Sr(a). <strong>MELKZEDECK ALVES LEÃO</strong>, para exercer o cargo de <strong>Coordenador(a) do Programa de Vigilância Sanitária, </strong>lotado(a) na Secretaria Municipal de Saúde &#8211; SEMUS de Magalhães de Almeida-MA.<br />
<strong>O PREFEITO MUNICIPAL DE MAGALHÃES DE ALMEIDA, Estado do Maranhão</strong>, no uso de suas atribuições legais, de acordo com o artigo 67, inciso VI, da Lei Orgânica Municipal, <strong><u>RESOLVE</u></strong><strong>:<br />
</strong><strong>Artigo 1º</strong> &#8211; <strong>RETIFICAR</strong> A PORTARIA <strong>N° 024/2025-GAB</strong> de 15 de janeiro de 2025, publicada no Diário Oficial Municipal-DOM n°1534 no dia 15 de janeiro de 2025.<br />
Onde se lê: “<strong>NOMEAR </strong>o(a) Sr(a). <strong>MELKZEDECK ALVES LEÃO</strong>, brasileiro(a), maior, capaz, portador(a) do <strong>CPF nº  004.***.**3-7, </strong>para exercer o cargo de <strong>Coordenador(a) do Programa de Vigilância Sanitária, </strong>lotado(a) na Secretaria Municipal de Saúde &#8211; SEMUS de Magalhães de Almeida-MA”<br />
Leia-se: “<strong>NOMEAR </strong>o(a) Sr(a). <strong>MELKZEDECK ALVES LEÃO</strong>, brasileiro(a), maior, capaz, portador(a) do <strong>CPF nº  004.***.**3-17, </strong>para exercer o cargo de <strong>Coordenador(a) do Programa de Vigilância Sanitária (DAS-4), </strong>lotado(a) na Secretaria Municipal de Saúde &#8211; SEMUS de Magalhães de Almeida-MA”.<br />
<strong>Art. 2º</strong> &#8211; Esta Portaria entra em vigor na data de sua publicação, revogadas as disposições em contrário.<br />
Leia-se, Publique-se e Cumpra-se, em Magalhães de Almeida/MA, 05 de fevereiro de 2025. Raimundo Nonato Carvalho, Prefeito Municipal</p>
