{"id":24086,"date":"2025-02-05T13:23:21","date_gmt":"2025-02-05T16:23:21","guid":{"rendered":"https:\/\/magalhaesdealmeida.ma.gov.br\/transparencia\/?post_type=publicacoesdom&#038;p=24086"},"modified":"2025-02-05T13:23:21","modified_gmt":"2025-02-05T16:23:21","slug":"portaria-no-137-2025-gab","status":"publish","type":"publicacoesdom","link":"https:\/\/magalhaesdealmeida.ma.gov.br\/transparencia\/publicacoesdom\/portaria-no-137-2025-gab\/","title":{"rendered":"PORTARIA N\u00ba 137\/2025 \u2013 GAB"},"content":{"rendered":"<p><strong><u>TERMO DE RETIFICA\u00c7\u00c3O &#8211; <\/u><\/strong><strong>RETIFICA o objeto da portaria n\u00ba <\/strong><strong>\u00ba 115\/2025-GAB <\/strong>que <strong>NOMEIA<\/strong> o(a) Sr(a). <strong>EDITE ALVES FARIAS<\/strong>, lotado(a) na Secretaria Municipal de Sa\u00fade do Mun\u00edcipio de Magalh\u00e3es de Almeida-MA.<br \/>\n<strong>\u00a0PREFEITO MUNICIPAL DE MAGALH\u00c3ES DE ALMEIDA, Estado do Maranh\u00e3o<\/strong>, no uso de suas atribui\u00e7\u00f5es legais, de acordo com o artigo 67, inciso VI, da Lei Org\u00e2nica Municipal, <strong><u>RESOLVE<\/u><\/strong><strong>:<br \/>\n<\/strong><strong>Artigo 1\u00ba<\/strong> &#8211; <strong>RETIFICAR<\/strong> A PORTARIA <strong>N\u00b0 115\/2025-GAB<\/strong> de 04 de fevereiro de 2025, publicada no Di\u00e1rio Oficial Municipal-DOM n\u00b01548 no dia 04 de janeiro de 2025.<br \/>\nOnde se l\u00ea: \u201c<strong>Coordenador(a) Geral de Vigil\u00e2ncia em Sa\u00fade <\/strong><strong>(DAS-4)<\/strong>\u201d<br \/>\nLeia-se: \u201c<strong>Coordenador de Educa\u00e7\u00e3o em Sa\u00fade <\/strong><strong>(DAS-4)<\/strong>\u201d<br \/>\n<strong>Art. 2\u00ba<\/strong> &#8211; Esta Portaria entra em vigor na data de sua publica\u00e7\u00e3o, revogadas as disposi\u00e7\u00f5es em contr\u00e1rio.<br \/>\nLeia-se, Publique-se e Cumpra-se, em Magalh\u00e3es de Almeida\/MA, 05 de fevereiro de 2025. Raimundo Nonato Carvalho, Prefeito Municipal<\/p>\n","protected":false},"author":4,"template":"","class_list":["post-24086","publicacoesdom","type-publicacoesdom","status-publish","hentry"],"acf":{"tipo_de_publicacao_diario":"41","e_retificacao":"1","origem_do_diario":"Poder Executivo","codigo_verificador":"29e3e9653e87c7577527e8fb9fab645773d349e4"},"_links":{"self":[{"href":"https:\/\/magalhaesdealmeida.ma.gov.br\/transparencia\/wp-json\/wp\/v2\/publicacoesdom\/24086","targetHints":{"allow":["GET"]}}],"collection":[{"href":"https:\/\/magalhaesdealmeida.ma.gov.br\/transparencia\/wp-json\/wp\/v2\/publicacoesdom"}],"about":[{"href":"https:\/\/magalhaesdealmeida.ma.gov.br\/transparencia\/wp-json\/wp\/v2\/types\/publicacoesdom"}],"author":[{"embeddable":true,"href":"https:\/\/magalhaesdealmeida.ma.gov.br\/transparencia\/wp-json\/wp\/v2\/users\/4"}],"wp:attachment":[{"href":"https:\/\/magalhaesdealmeida.ma.gov.br\/transparencia\/wp-json\/wp\/v2\/media?parent=24086"}],"curies":[{"name":"wp","href":"https:\/\/api.w.org\/{rel}","templated":true}]}}

PORTARIA Nº 137/2025 – GAB

<p><strong><u>TERMO DE RETIFICAÇÃO &#8211; </u></strong><strong>RETIFICA o objeto da portaria nº </strong><strong>º 115/2025-GAB </strong>que <strong>NOMEIA</strong> o(a) Sr(a). <strong>EDITE ALVES FARIAS</strong>, lotado(a) na Secretaria Municipal de Saúde do Munícipio de Magalhães de Almeida-MA.<br />
<strong> PREFEITO MUNICIPAL DE MAGALHÃES DE ALMEIDA, Estado do Maranhão</strong>, no uso de suas atribuições legais, de acordo com o artigo 67, inciso VI, da Lei Orgânica Municipal, <strong><u>RESOLVE</u></strong><strong>:<br />
</strong><strong>Artigo 1º</strong> &#8211; <strong>RETIFICAR</strong> A PORTARIA <strong>N° 115/2025-GAB</strong> de 04 de fevereiro de 2025, publicada no Diário Oficial Municipal-DOM n°1548 no dia 04 de janeiro de 2025.<br />
Onde se lê: “<strong>Coordenador(a) Geral de Vigilância em Saúde </strong><strong>(DAS-4)</strong>”<br />
Leia-se: “<strong>Coordenador de Educação em Saúde </strong><strong>(DAS-4)</strong>”<br />
<strong>Art. 2º</strong> &#8211; Esta Portaria entra em vigor na data de sua publicação, revogadas as disposições em contrário.<br />
Leia-se, Publique-se e Cumpra-se, em Magalhães de Almeida/MA, 05 de fevereiro de 2025. Raimundo Nonato Carvalho, Prefeito Municipal</p>
