{"id":24148,"date":"2025-02-10T09:22:32","date_gmt":"2025-02-10T12:22:32","guid":{"rendered":"https:\/\/magalhaesdealmeida.ma.gov.br\/transparencia\/?post_type=publicacoesdom&#038;p=24148"},"modified":"2025-02-10T15:27:12","modified_gmt":"2025-02-10T18:27:12","slug":"2o-termo-aditivo-de-prazo-ao-contrato-n-o-20221215001-2022-aa-n-o-007-2022-processo-administrativo-n-o-2022008-cpl","status":"publish","type":"publicacoesdom","link":"https:\/\/magalhaesdealmeida.ma.gov.br\/transparencia\/publicacoesdom\/2o-termo-aditivo-de-prazo-ao-contrato-n-o-20221215001-2022-aa-n-o-007-2022-processo-administrativo-n-o-2022008-cpl\/","title":{"rendered":"2\u00ba TERMO ADITIVO DE PRAZO AO CONTRATO N.\u00ba 20221215001\/2022 &#8211; AA N.\u00ba 007\/2022 &#8211; PROCESSO ADMINISTRATIVO N.\u00ba 2022008 &#8211; CPL"},"content":{"rendered":"<p><strong>A PREFEITURA MUNICIPAL DE MAGALH\u00c3ES DE ALMEIDA\/MA<\/strong>, com sede administrativa na Rua Manoel Pires de Castro, n.\u00ba 279 &#8211; Centro &#8211; CEP: 65.560-000, na cidade de Magalh\u00e3es de Almeida\/MA, inscrita no CNPJ sob o n.\u00ba 06.988.976\/0001-09, atrav\u00e9s da Secretaria Municipal de Sa\u00fade &#8211; SEMUS, neste ato representada pelo Secret\u00e1rio Municipal de Finan\u00e7as\/Gestor Financeiro, o Sr. <strong>FRANCISCO DE ASSIS ARAG\u00c3O<\/strong>, portador da C\u00e9dula de Identidade n.\u00ba 6.***.**3 SSP\/SP e inscrito no do CPF n.\u00ba 376.***.**8-00, residente e domiciliado em Magalh\u00e3es de Almeida\/MA, doravante denominada simplesmente <strong>CONTRATANTE<\/strong> e a empresa <strong>ALCCS &#8211; SERVI\u00c7OS DE SA\u00daDE<\/strong>, inscrita no CNPJ n.\u00ba 44.726.732\/0001-39, com sede na Av. Nega Escorcio, n.\u00ba 284, Bairro: Centro &#8211; CEP 64.175-000, na cidade de Murici dos Portelas\/PI, representada neste ato pela Sra. <strong>ANA LINA DE CARVALHO CUNHA SALES<\/strong>, portadora do RG n.\u00ba 2.***.**8 SSP\/PI e inscrita no CPF n.\u00ba 009.***.**3-50, doravante denominada simplesmente <strong>CONTRATADA<\/strong>, t\u00eam entre si justo e pactuado, nos termos contidos na <strong>AA n.\u00ba 007\/2022 &#8211; PROC. ADM. n.\u00ba 2022008 &#8211; CPL. OBJETO: <\/strong>O presente Termo Aditivo tem por objeto o aditamento do prazo do Contrato n.\u00ba 20221215001\/2022, oriundo da <strong>AA n.\u00ba 007\/2022 &#8211; PROC. ADM. n.\u00ba 2022008 &#8211; CPL<\/strong>, que tem como objeto a <strong>Contrata\u00e7\u00e3o de empresa especializada na presta\u00e7\u00e3o de Servi\u00e7os de Terceiriza\u00e7\u00e3o de Servi\u00e7os M\u00e9dicos para preenchimento de vagas tempor\u00e1rias da Secretaria de Sa\u00fade do Municipio de Magalh\u00e3es de Almeida\/MA. VIG\u00caNCIA: <\/strong>O prazo de vig\u00eancia do Contrato n.\u00ba 20221215001\/2022, fica prorrogado at\u00e9 <strong>10 de abril de 2025. <\/strong>O valor global original \u00e9 de <strong>R$ 1.158.568,50 (Um milh\u00e3o, cento e cinquenta e oito mil, quinhentos e sessenta e oito reais e cinquenta centavos)<\/strong>, conforme descrito na <strong>CL\u00c1USULA TERCEIRA &#8211; DO VALOR CONTRATUAL<\/strong>, do Contrato n.\u00ba 20221215001\/2022, oriundo da AA n.\u00ba 007\/2022, Processo Administrativo n.\u00ba 2022008 &#8211; CPL, justifica o valor n\u00e3o haver altera\u00e7\u00e3o representando economia de gastos para a Prefeitura Municipal de Magalh\u00e3es de Almeida\/MA. <strong>DOTA\u00c7\u00c3O: <\/strong>SEC. MUN. SA\u00daDE 020701 &#8211; FUNDO MUNICIPAL DE SA\u00daDE 10.122.0290.2051.0000 &#8211; MANUTEN\u00c7\u00c3LO DO FUNDO MUNICIPAL DE SA\u00daDE. 3.3.90.39.00 &#8211; OUTROS SERVI\u00c7OS DE TERCEIROS &#8211; PESSOA JUR\u00cdDICA. Permanecem inalteradas as demais cl\u00e1usulas, par\u00e1grafos, condi\u00e7\u00f5es e obriga\u00e7\u00f5es do Termo de Contrato inicial que n\u00e3o colidirem com o disposto neste Termo Aditivo. \u00a0Magalh\u00e3es de Almeida\/MA, 10 de dezembro de 2024. Francisco de Assis Arag\u00e3o, Secret\u00e1rio Municipal de Finan\u00e7as.<\/p>\n","protected":false},"author":4,"template":"","class_list":["post-24148","publicacoesdom","type-publicacoesdom","status-publish","hentry"],"acf":{"tipo_de_publicacao_diario":"28","e_retificacao":"1","origem_do_diario":"Poder Executivo","codigo_verificador":"2495d5cb54126a72f842f922ad30e351796e1574"},"_links":{"self":[{"href":"https:\/\/magalhaesdealmeida.ma.gov.br\/transparencia\/wp-json\/wp\/v2\/publicacoesdom\/24148","targetHints":{"allow":["GET"]}}],"collection":[{"href":"https:\/\/magalhaesdealmeida.ma.gov.br\/transparencia\/wp-json\/wp\/v2\/publicacoesdom"}],"about":[{"href":"https:\/\/magalhaesdealmeida.ma.gov.br\/transparencia\/wp-json\/wp\/v2\/types\/publicacoesdom"}],"author":[{"embeddable":true,"href":"https:\/\/magalhaesdealmeida.ma.gov.br\/transparencia\/wp-json\/wp\/v2\/users\/4"}],"wp:attachment":[{"href":"https:\/\/magalhaesdealmeida.ma.gov.br\/transparencia\/wp-json\/wp\/v2\/media?parent=24148"}],"curies":[{"name":"wp","href":"https:\/\/api.w.org\/{rel}","templated":true}]}}

2º TERMO ADITIVO DE PRAZO AO CONTRATO N.º 20221215001/2022 &#8211; AA N.º 007/2022 &#8211; PROCESSO ADMINISTRATIVO N.º 2022008 &#8211; CPL

<p><strong>A PREFEITURA MUNICIPAL DE MAGALHÃES DE ALMEIDA/MA</strong>, com sede administrativa na Rua Manoel Pires de Castro, n.º 279 &#8211; Centro &#8211; CEP: 65.560-000, na cidade de Magalhães de Almeida/MA, inscrita no CNPJ sob o n.º 06.988.976/0001-09, através da Secretaria Municipal de Saúde &#8211; SEMUS, neste ato representada pelo Secretário Municipal de Finanças/Gestor Financeiro, o Sr. <strong>FRANCISCO DE ASSIS ARAGÃO</strong>, portador da Cédula de Identidade n.º 6.***.**3 SSP/SP e inscrito no do CPF n.º 376.***.**8-00, residente e domiciliado em Magalhães de Almeida/MA, doravante denominada simplesmente <strong>CONTRATANTE</strong> e a empresa <strong>ALCCS &#8211; SERVIÇOS DE SAÚDE</strong>, inscrita no CNPJ n.º 44.726.732/0001-39, com sede na Av. Nega Escorcio, n.º 284, Bairro: Centro &#8211; CEP 64.175-000, na cidade de Murici dos Portelas/PI, representada neste ato pela Sra. <strong>ANA LINA DE CARVALHO CUNHA SALES</strong>, portadora do RG n.º 2.***.**8 SSP/PI e inscrita no CPF n.º 009.***.**3-50, doravante denominada simplesmente <strong>CONTRATADA</strong>, têm entre si justo e pactuado, nos termos contidos na <strong>AA n.º 007/2022 &#8211; PROC. ADM. n.º 2022008 &#8211; CPL. OBJETO: </strong>O presente Termo Aditivo tem por objeto o aditamento do prazo do Contrato n.º 20221215001/2022, oriundo da <strong>AA n.º 007/2022 &#8211; PROC. ADM. n.º 2022008 &#8211; CPL</strong>, que tem como objeto a <strong>Contratação de empresa especializada na prestação de Serviços de Terceirização de Serviços Médicos para preenchimento de vagas temporárias da Secretaria de Saúde do Municipio de Magalhães de Almeida/MA. VIGÊNCIA: </strong>O prazo de vigência do Contrato n.º 20221215001/2022, fica prorrogado até <strong>10 de abril de 2025. </strong>O valor global original é de <strong>R$ 1.158.568,50 (Um milhão, cento e cinquenta e oito mil, quinhentos e sessenta e oito reais e cinquenta centavos)</strong>, conforme descrito na <strong>CLÁUSULA TERCEIRA &#8211; DO VALOR CONTRATUAL</strong>, do Contrato n.º 20221215001/2022, oriundo da AA n.º 007/2022, Processo Administrativo n.º 2022008 &#8211; CPL, justifica o valor não haver alteração representando economia de gastos para a Prefeitura Municipal de Magalhães de Almeida/MA. <strong>DOTAÇÃO: </strong>SEC. MUN. SAÚDE 020701 &#8211; FUNDO MUNICIPAL DE SAÚDE 10.122.0290.2051.0000 &#8211; MANUTENÇÃLO DO FUNDO MUNICIPAL DE SAÚDE. 3.3.90.39.00 &#8211; OUTROS SERVIÇOS DE TERCEIROS &#8211; PESSOA JURÍDICA. Permanecem inalteradas as demais cláusulas, parágrafos, condições e obrigações do Termo de Contrato inicial que não colidirem com o disposto neste Termo Aditivo.  Magalhães de Almeida/MA, 10 de dezembro de 2024. Francisco de Assis Aragão, Secretário Municipal de Finanças.</p>
