{"id":24156,"date":"2025-02-11T12:33:24","date_gmt":"2025-02-11T15:33:24","guid":{"rendered":"https:\/\/magalhaesdealmeida.ma.gov.br\/transparencia\/?post_type=publicacoesdom&#038;p=24156"},"modified":"2025-02-11T12:33:24","modified_gmt":"2025-02-11T15:33:24","slug":"portaria-n-o-145-2025-gab","status":"publish","type":"publicacoesdom","link":"https:\/\/magalhaesdealmeida.ma.gov.br\/transparencia\/publicacoesdom\/portaria-n-o-145-2025-gab\/","title":{"rendered":"PORTARIA N.\u00ba 145\/2025 &#8211; GAB"},"content":{"rendered":"<p><strong><u>TERMO DE DESIGNA\u00c7\u00c3O &#8211; <\/u><\/strong><strong>Institui a designa\u00e7\u00e3o de CLAUDIA ELIZA KICH KONRADT, Secret\u00e1ria Municipal de Educa\u00e7\u00e3o, Ci\u00eancias, Tecnologia e Inova\u00e7\u00e3o, como respons\u00e1vel pelo FUNDO MUNICIPAL DE EDUCA\u00c7\u00c3O.<br \/>\n<\/strong><strong>O PREFEITO MUNICIPAL DE MAGALH\u00c3ES DE ALMEIDA, Estado do Maranh\u00e3o<\/strong> no uso de suas atribui\u00e7\u00f5es e de conformidade com a Lei Org\u00e2nica Municipal Capitulo VII, Se\u00e7\u00e3o II, Artigo 65.<br \/>\n<strong>Considerando<\/strong> o disposto no inciso II do art. 9\u00ba da Lei n\u00ba\u00a0 236 de 02 de janeiro de 1998, <strong>RESOLVE<\/strong>:<br \/>\n<strong>Art. 1\u00ba<\/strong> &#8211; <strong>DESIGNAR<\/strong>, o(a) Sr(a). <strong>CLAUDIA ELIZA KICH KONRADT<\/strong>,\u00a0 brasileiro(a), maior, capaz, portador(a) do <strong>CPF n\u00ba 554.***.**9-78, Matr\u00edcula 97-1, <\/strong>ocupante do cargo de<strong> Secret\u00e1rio(a) Municipal de Educa\u00e7\u00e3o, Ci\u00eancias, Tecnologia e Inova\u00e7\u00e3o, <\/strong>como <strong>respons\u00e1vel pelo<\/strong> <strong>FUNDO MUNICIPAL DE EDUCA\u00c7\u00c3O<\/strong> da Secretaria Municipal de Educa\u00e7\u00e3o, Ci\u00eancias, Tecnologia e Inova\u00e7\u00e3o &#8211; SEMECTI do munic\u00edpio de Magalh\u00e3es de Almeida-MA.<br \/>\n<strong>Art. 2\u00ba<\/strong> &#8211; Esta portaria entra em vigor na data de sua publica\u00e7\u00e3o, revogada as disposi\u00e7\u00f5es em contr\u00e1rio. Leia-se, Publique-se e cumpra-se em Magalhaes de Almeida\/MA, 11 de fevereiro de 2025. Raimundo Nonato Carvalho, Prefeito Municipal<\/p>\n","protected":false},"author":4,"template":"","class_list":["post-24156","publicacoesdom","type-publicacoesdom","status-publish","hentry"],"acf":{"tipo_de_publicacao_diario":"41","e_retificacao":"1","origem_do_diario":"Poder Executivo","codigo_verificador":"740af41d879c1d28b68599257ec1ec141beabf13"},"_links":{"self":[{"href":"https:\/\/magalhaesdealmeida.ma.gov.br\/transparencia\/wp-json\/wp\/v2\/publicacoesdom\/24156","targetHints":{"allow":["GET"]}}],"collection":[{"href":"https:\/\/magalhaesdealmeida.ma.gov.br\/transparencia\/wp-json\/wp\/v2\/publicacoesdom"}],"about":[{"href":"https:\/\/magalhaesdealmeida.ma.gov.br\/transparencia\/wp-json\/wp\/v2\/types\/publicacoesdom"}],"author":[{"embeddable":true,"href":"https:\/\/magalhaesdealmeida.ma.gov.br\/transparencia\/wp-json\/wp\/v2\/users\/4"}],"wp:attachment":[{"href":"https:\/\/magalhaesdealmeida.ma.gov.br\/transparencia\/wp-json\/wp\/v2\/media?parent=24156"}],"curies":[{"name":"wp","href":"https:\/\/api.w.org\/{rel}","templated":true}]}}

PORTARIA N.º 145/2025 &#8211; GAB

<p><strong><u>TERMO DE DESIGNAÇÃO &#8211; </u></strong><strong>Institui a designação de CLAUDIA ELIZA KICH KONRADT, Secretária Municipal de Educação, Ciências, Tecnologia e Inovação, como responsável pelo FUNDO MUNICIPAL DE EDUCAÇÃO.<br />
</strong><strong>O PREFEITO MUNICIPAL DE MAGALHÃES DE ALMEIDA, Estado do Maranhão</strong> no uso de suas atribuições e de conformidade com a Lei Orgânica Municipal Capitulo VII, Seção II, Artigo 65.<br />
<strong>Considerando</strong> o disposto no inciso II do art. 9º da Lei nº  236 de 02 de janeiro de 1998, <strong>RESOLVE</strong>:<br />
<strong>Art. 1º</strong> &#8211; <strong>DESIGNAR</strong>, o(a) Sr(a). <strong>CLAUDIA ELIZA KICH KONRADT</strong>,  brasileiro(a), maior, capaz, portador(a) do <strong>CPF nº 554.***.**9-78, Matrícula 97-1, </strong>ocupante do cargo de<strong> Secretário(a) Municipal de Educação, Ciências, Tecnologia e Inovação, </strong>como <strong>responsável pelo</strong> <strong>FUNDO MUNICIPAL DE EDUCAÇÃO</strong> da Secretaria Municipal de Educação, Ciências, Tecnologia e Inovação &#8211; SEMECTI do município de Magalhães de Almeida-MA.<br />
<strong>Art. 2º</strong> &#8211; Esta portaria entra em vigor na data de sua publicação, revogada as disposições em contrário. Leia-se, Publique-se e cumpra-se em Magalhaes de Almeida/MA, 11 de fevereiro de 2025. Raimundo Nonato Carvalho, Prefeito Municipal</p>
