{"id":24332,"date":"2025-02-14T10:55:51","date_gmt":"2025-02-14T13:55:51","guid":{"rendered":"https:\/\/magalhaesdealmeida.ma.gov.br\/transparencia\/?post_type=publicacoesdom&#038;p=24332"},"modified":"2025-02-14T10:55:51","modified_gmt":"2025-02-14T13:55:51","slug":"portaria-no-248-2025-gab","status":"publish","type":"publicacoesdom","link":"https:\/\/magalhaesdealmeida.ma.gov.br\/transparencia\/publicacoesdom\/portaria-no-248-2025-gab\/","title":{"rendered":"PORTARIA N\u00ba 248\/2025 &#8211; GAB"},"content":{"rendered":"<p><strong><u>TERMO DE NOMEA\u00c7\u00c3O &#8211;\u00a0<\/u><\/strong>INSTITUE A NOMEA\u00c7\u00c3O DE\u00a0STHEFANY SILVA MARQUES \u2013 AUXILIAR OPERACIONAL DE SERVI\u00c7OS DIVER\u00c7OS &#8211; AOSD<br \/>\n<strong>O Prefeito Municipal de Magalh\u00e3es de Almeida, Estado do Maranh\u00e3o<\/strong>, no uso de suas atribui\u00e7\u00f5es e de conformidade com a Lei Org\u00e2nica Municipal art. 47, inciso II e art. 67, inciso VIII.<br \/>\n<strong>Considerando<\/strong> o disposto no art. 2\u00ba \u00a7 2\u00ba, art. 9\u00ba inciso I e o art. 10\u00ba, caput, da Lei n\u00ba 236 de 02 de janeiro de 1998, <strong>RESOLVE:<br \/>\n<\/strong><strong>Art. 1\u00ba &#8211; NOMEAR<\/strong> o(a) Sr(a). <strong>STHEFANY SILVA MARQUES<\/strong>, brasileiro(a), solteiro(a), maior, capaz, portador(a) do <strong>CPF n\u00ba 615.***.**3-60, RG n\u00ba 049252*****3-5 SSP\/MA<\/strong> para <strong>exercer o cargo de AUXILIAR OPERACIONAL DE SERVI\u00c7OS DIVER\u00c7OS &#8211; AOSD, lotado(a) no(a) Secretaria Municipal de Administra\u00e7\u00e3o <\/strong>do munic\u00edpio de Magalh\u00e3es de Almeida-MA.<br \/>\n<strong>Art. 2\u00ba<\/strong> &#8211; Esta portaria entra em vigor na data de sua publica\u00e7\u00e3o, revogadas as disposi\u00e7\u00f5es em contr\u00e1rio.<br \/>\nLeia-se, Publique-se e cumpra-se em Magalhaes de Almeida\/MA, 14 de fevereiro de 2025. Raimundo Nonato Carvalho, Prefeito Municipal &#8211; Gild\u00e1zio Ara\u00fajo Silva, Secret\u00e1rio Municipal de Administra\u00e7\u00e3o, Portaria n\u00b0 028\/2025-GAB<\/p>\n","protected":false},"author":4,"template":"","class_list":["post-24332","publicacoesdom","type-publicacoesdom","status-publish","hentry"],"acf":{"tipo_de_publicacao_diario":"36","e_retificacao":"1","origem_do_diario":"Poder Executivo","codigo_verificador":"4f958348d048c6b2707aa9655a3de95a1a6c437c"},"_links":{"self":[{"href":"https:\/\/magalhaesdealmeida.ma.gov.br\/transparencia\/wp-json\/wp\/v2\/publicacoesdom\/24332","targetHints":{"allow":["GET"]}}],"collection":[{"href":"https:\/\/magalhaesdealmeida.ma.gov.br\/transparencia\/wp-json\/wp\/v2\/publicacoesdom"}],"about":[{"href":"https:\/\/magalhaesdealmeida.ma.gov.br\/transparencia\/wp-json\/wp\/v2\/types\/publicacoesdom"}],"author":[{"embeddable":true,"href":"https:\/\/magalhaesdealmeida.ma.gov.br\/transparencia\/wp-json\/wp\/v2\/users\/4"}],"wp:attachment":[{"href":"https:\/\/magalhaesdealmeida.ma.gov.br\/transparencia\/wp-json\/wp\/v2\/media?parent=24332"}],"curies":[{"name":"wp","href":"https:\/\/api.w.org\/{rel}","templated":true}]}}

PORTARIA Nº 248/2025 &#8211; GAB

<p><strong><u>TERMO DE NOMEAÇÃO &#8211; </u></strong>INSTITUE A NOMEAÇÃO DE STHEFANY SILVA MARQUES – AUXILIAR OPERACIONAL DE SERVIÇOS DIVERÇOS &#8211; AOSD<br />
<strong>O Prefeito Municipal de Magalhães de Almeida, Estado do Maranhão</strong>, no uso de suas atribuições e de conformidade com a Lei Orgânica Municipal art. 47, inciso II e art. 67, inciso VIII.<br />
<strong>Considerando</strong> o disposto no art. 2º § 2º, art. 9º inciso I e o art. 10º, caput, da Lei nº 236 de 02 de janeiro de 1998, <strong>RESOLVE:<br />
</strong><strong>Art. 1º &#8211; NOMEAR</strong> o(a) Sr(a). <strong>STHEFANY SILVA MARQUES</strong>, brasileiro(a), solteiro(a), maior, capaz, portador(a) do <strong>CPF nº 615.***.**3-60, RG nº 049252*****3-5 SSP/MA</strong> para <strong>exercer o cargo de AUXILIAR OPERACIONAL DE SERVIÇOS DIVERÇOS &#8211; AOSD, lotado(a) no(a) Secretaria Municipal de Administração </strong>do município de Magalhães de Almeida-MA.<br />
<strong>Art. 2º</strong> &#8211; Esta portaria entra em vigor na data de sua publicação, revogadas as disposições em contrário.<br />
Leia-se, Publique-se e cumpra-se em Magalhaes de Almeida/MA, 14 de fevereiro de 2025. Raimundo Nonato Carvalho, Prefeito Municipal &#8211; Gildázio Araújo Silva, Secretário Municipal de Administração, Portaria n° 028/2025-GAB</p>
