{"id":7832,"date":"2021-02-19T09:40:57","date_gmt":"2021-02-19T12:40:57","guid":{"rendered":"https:\/\/magalhaesdealmeida.ma.gov.br\/transparencia\/?post_type=publicacoesdom&#038;p=7832"},"modified":"2021-02-19T11:12:52","modified_gmt":"2021-02-19T14:12:52","slug":"portaria-no-218-2021","status":"publish","type":"publicacoesdom","link":"https:\/\/magalhaesdealmeida.ma.gov.br\/transparencia\/publicacoesdom\/portaria-no-218-2021\/","title":{"rendered":"PORTARIA N\u00ba 218\/2021"},"content":{"rendered":"<p><strong>Institui a NOMEA\u00c7\u00c3O \u00a0de DANIELE ALVES TITO \u2013 COORDENADORA DE PROGRAMAS \u2013 SEDE.<\/strong><br \/>\nO PREFEITO MUNICIPAL DE MAGALH\u00c3ES DE ALMEIDA, Estado do Maranh\u00e3o no uso de suas atribui\u00e7\u00f5es e de conformidade com a Lei Org\u00e2nica Municipal Capitulo VII, Se\u00e7\u00e3o II, Artigo 65.<br \/>\nConsiderando o disposto no inciso II do art. 9\u00ba da Lei n\u00ba 236 de 02 de janeiro de 1998: <strong>RESOLVE<\/strong>, Art. 1\u00ba &#8211; <strong>NOMEAR<\/strong>, a Sra. <strong>Daniele Alves Tito brasileira, maior, capaz, portadora do CPF 054.168.203-22 e RG 040396522010-4 SSP\/MA<\/strong> para exercer a fun\u00e7\u00e3o do cargo de <strong>COORDENADORA DE PROGRAMAS<\/strong>, SEDE, lotada na Secretaria Municipal de Educa\u00e7\u00e3o. Art. 2\u00ba &#8211; Esta Portaria entra em vigor na data de sua publica\u00e7\u00e3o. Revogadas as disposi\u00e7\u00f5es\u00a0 em contr\u00e1rio. Leia-se, Publique-se e Cumpra-se, em Magalh\u00e3es de Almeida\/MA, 11 de fevereiro de 2021. Raimundo Nonato Carvalho Prefeito Municipal.<\/p>\n","protected":false},"author":4,"template":"","class_list":["post-7832","publicacoesdom","type-publicacoesdom","status-publish","hentry"],"acf":{"tipo_de_publicacao_diario":"41","e_retificacao":"1","origem_do_diario":"Poder Executivo","codigo_verificador":"74917"},"_links":{"self":[{"href":"https:\/\/magalhaesdealmeida.ma.gov.br\/transparencia\/wp-json\/wp\/v2\/publicacoesdom\/7832","targetHints":{"allow":["GET"]}}],"collection":[{"href":"https:\/\/magalhaesdealmeida.ma.gov.br\/transparencia\/wp-json\/wp\/v2\/publicacoesdom"}],"about":[{"href":"https:\/\/magalhaesdealmeida.ma.gov.br\/transparencia\/wp-json\/wp\/v2\/types\/publicacoesdom"}],"author":[{"embeddable":true,"href":"https:\/\/magalhaesdealmeida.ma.gov.br\/transparencia\/wp-json\/wp\/v2\/users\/4"}],"wp:attachment":[{"href":"https:\/\/magalhaesdealmeida.ma.gov.br\/transparencia\/wp-json\/wp\/v2\/media?parent=7832"}],"curies":[{"name":"wp","href":"https:\/\/api.w.org\/{rel}","templated":true}]}}

PORTARIA Nº 218/2021

<p><strong>Institui a NOMEAÇÃO  de DANIELE ALVES TITO – COORDENADORA DE PROGRAMAS – SEDE.</strong><br />
O PREFEITO MUNICIPAL DE MAGALHÃES DE ALMEIDA, Estado do Maranhão no uso de suas atribuições e de conformidade com a Lei Orgânica Municipal Capitulo VII, Seção II, Artigo 65.<br />
Considerando o disposto no inciso II do art. 9º da Lei nº 236 de 02 de janeiro de 1998: <strong>RESOLVE</strong>, Art. 1º &#8211; <strong>NOMEAR</strong>, a Sra. <strong>Daniele Alves Tito brasileira, maior, capaz, portadora do CPF 054.168.203-22 e RG 040396522010-4 SSP/MA</strong> para exercer a função do cargo de <strong>COORDENADORA DE PROGRAMAS</strong>, SEDE, lotada na Secretaria Municipal de Educação. Art. 2º &#8211; Esta Portaria entra em vigor na data de sua publicação. Revogadas as disposições  em contrário. Leia-se, Publique-se e Cumpra-se, em Magalhães de Almeida/MA, 11 de fevereiro de 2021. Raimundo Nonato Carvalho Prefeito Municipal.</p>
