{"id":7834,"date":"2021-02-19T09:56:51","date_gmt":"2021-02-19T12:56:51","guid":{"rendered":"https:\/\/magalhaesdealmeida.ma.gov.br\/transparencia\/?post_type=publicacoesdom&#038;p=7834"},"modified":"2021-02-19T11:10:20","modified_gmt":"2021-02-19T14:10:20","slug":"portaria-no-220-2021","status":"publish","type":"publicacoesdom","link":"https:\/\/magalhaesdealmeida.ma.gov.br\/transparencia\/publicacoesdom\/portaria-no-220-2021\/","title":{"rendered":"PORTARIA N\u00ba 220\/2021"},"content":{"rendered":"<p><strong>Institui a nomea\u00e7\u00e3o de KETLHEM LIMA COSTA \u2013 COORDENADORA DE CONV\u00caNIOS, lotada no Gabinete do Prefeito.<br \/>\n<\/strong>O PREFEITO MUNICIPAL DE MAGALH\u00c3ES DE ALMEIDA, Estado do Maranh\u00e3o no uso de suas atribui\u00e7\u00f5es e de conformidade com a Lei Org\u00e2nica Municipal Capitulo VII, Se\u00e7\u00e3o II, Artigo 65.<br \/>\nConsiderando o disposto no inciso II do art. 9\u00ba da Lei n\u00ba 236 de 02 de janeiro de 1998: <strong>RESOLVE<\/strong>, Art. 1\u00ba &#8211; <strong>NOMEAR<\/strong>, a Sra. <strong>KETLHEM LIMA COSTA<\/strong> <strong>casada, maior, capaz, portadora do CPF 027.442.023-63<\/strong> e <strong>RG 017228072001-0 SSP\/MA<\/strong> para exercer o cargo de <strong>COORDENADORA DE CONV\u00caNIOS<\/strong>, lotada no Gabinete do Prefeito. Art. 2\u00ba &#8211; Esta Portaria entra em vigor na data de sua publica\u00e7\u00e3o. Revogadas as disposi\u00e7\u00f5es em contr\u00e1rio. Leia-se, Publique-se e Cumpra-se, em Magalh\u00e3es de Almeida\/MA, 11 \u00a0de fevereiro de 2021. Raimundo Nonato Carvalho Prefeito Municipal.<\/p>\n","protected":false},"author":4,"template":"","class_list":["post-7834","publicacoesdom","type-publicacoesdom","status-publish","hentry"],"acf":{"tipo_de_publicacao_diario":"41","e_retificacao":"1","origem_do_diario":"Poder Executivo","codigo_verificador":"74911"},"_links":{"self":[{"href":"https:\/\/magalhaesdealmeida.ma.gov.br\/transparencia\/wp-json\/wp\/v2\/publicacoesdom\/7834","targetHints":{"allow":["GET"]}}],"collection":[{"href":"https:\/\/magalhaesdealmeida.ma.gov.br\/transparencia\/wp-json\/wp\/v2\/publicacoesdom"}],"about":[{"href":"https:\/\/magalhaesdealmeida.ma.gov.br\/transparencia\/wp-json\/wp\/v2\/types\/publicacoesdom"}],"author":[{"embeddable":true,"href":"https:\/\/magalhaesdealmeida.ma.gov.br\/transparencia\/wp-json\/wp\/v2\/users\/4"}],"wp:attachment":[{"href":"https:\/\/magalhaesdealmeida.ma.gov.br\/transparencia\/wp-json\/wp\/v2\/media?parent=7834"}],"curies":[{"name":"wp","href":"https:\/\/api.w.org\/{rel}","templated":true}]}}

PORTARIA Nº 220/2021

<p><strong>Institui a nomeação de KETLHEM LIMA COSTA – COORDENADORA DE CONVÊNIOS, lotada no Gabinete do Prefeito.<br />
</strong>O PREFEITO MUNICIPAL DE MAGALHÃES DE ALMEIDA, Estado do Maranhão no uso de suas atribuições e de conformidade com a Lei Orgânica Municipal Capitulo VII, Seção II, Artigo 65.<br />
Considerando o disposto no inciso II do art. 9º da Lei nº 236 de 02 de janeiro de 1998: <strong>RESOLVE</strong>, Art. 1º &#8211; <strong>NOMEAR</strong>, a Sra. <strong>KETLHEM LIMA COSTA</strong> <strong>casada, maior, capaz, portadora do CPF 027.442.023-63</strong> e <strong>RG 017228072001-0 SSP/MA</strong> para exercer o cargo de <strong>COORDENADORA DE CONVÊNIOS</strong>, lotada no Gabinete do Prefeito. Art. 2º &#8211; Esta Portaria entra em vigor na data de sua publicação. Revogadas as disposições em contrário. Leia-se, Publique-se e Cumpra-se, em Magalhães de Almeida/MA, 11  de fevereiro de 2021. Raimundo Nonato Carvalho Prefeito Municipal.</p>
