{"id":8065,"date":"2021-03-09T09:59:32","date_gmt":"2021-03-09T12:59:32","guid":{"rendered":"https:\/\/magalhaesdealmeida.ma.gov.br\/transparencia\/?post_type=publicacoesdom&#038;p=8065"},"modified":"2021-03-09T10:21:49","modified_gmt":"2021-03-09T13:21:49","slug":"portaria-no-244-2021","status":"publish","type":"publicacoesdom","link":"https:\/\/magalhaesdealmeida.ma.gov.br\/transparencia\/publicacoesdom\/portaria-no-244-2021\/","title":{"rendered":"PORTARIA N\u00ba 244\/2021"},"content":{"rendered":"<p><strong>INSTITUE A NOMEA\u00c7\u00c3O DO COORDENADOR DE PROGRAMAS CC8 DA SECRETARIA MUNICIPAL DE SA\u00daDE.<\/strong><br \/>\nO Prefeito Municipal de Magalh\u00e3es de Almeida, Estado do Maranh\u00e3o, no uso de suas atribui\u00e7\u00f5es e de conformidade com a Lei Org\u00e2nica Municipal Capitulo VII, Se\u00e7\u00e3o II, Artigo 65.<br \/>\nConsiderando o disposto no inicio II do art. 9\u00b0 da Lei n\u00b0236 de janeiro de 1998, <strong>RESOLVE<\/strong>: 1\u00b0 &#8211; <strong>NOMEAR<\/strong>, o Senhor <strong>RAI VIEIRA DA SILVA <\/strong>brasileiro, solteiro, maior, capaz portador do CPF 048.459.653 &#8211; 56 e RG 040385620100 SSP\/MA, para exercer o cargo de <strong>COORDENADOR DE PROGRAMAS CC8<\/strong>, lotado na Secretaria de Municipal de Sa\u00fade. 2\u00b0 &#8211; Esta portaria entra em vigor na data de sua publica\u00e7\u00e3o, revogadas as disposi\u00e7\u00f5es em contr\u00e1rio. Leia -se, Publique -se e Cumpra-se em Magalh\u00e3es de Almeida\/MA, 01 de mar\u00e7o de 2021. Raimundo Nonato Carvalho, Prefeito Municipal.<\/p>\n","protected":false},"author":4,"template":"","class_list":["post-8065","publicacoesdom","type-publicacoesdom","status-publish","hentry"],"acf":{"tipo_de_publicacao_diario":"36","e_retificacao":"1","origem_do_diario":"Poder Executivo","codigo_verificador":"8fc467f96430a642f89dcb3e8bec5eef0b63ff2c"},"_links":{"self":[{"href":"https:\/\/magalhaesdealmeida.ma.gov.br\/transparencia\/wp-json\/wp\/v2\/publicacoesdom\/8065","targetHints":{"allow":["GET"]}}],"collection":[{"href":"https:\/\/magalhaesdealmeida.ma.gov.br\/transparencia\/wp-json\/wp\/v2\/publicacoesdom"}],"about":[{"href":"https:\/\/magalhaesdealmeida.ma.gov.br\/transparencia\/wp-json\/wp\/v2\/types\/publicacoesdom"}],"author":[{"embeddable":true,"href":"https:\/\/magalhaesdealmeida.ma.gov.br\/transparencia\/wp-json\/wp\/v2\/users\/4"}],"wp:attachment":[{"href":"https:\/\/magalhaesdealmeida.ma.gov.br\/transparencia\/wp-json\/wp\/v2\/media?parent=8065"}],"curies":[{"name":"wp","href":"https:\/\/api.w.org\/{rel}","templated":true}]}}

PORTARIA Nº 244/2021

<p><strong>INSTITUE A NOMEAÇÃO DO COORDENADOR DE PROGRAMAS CC8 DA SECRETARIA MUNICIPAL DE SAÚDE.</strong><br />
O Prefeito Municipal de Magalhães de Almeida, Estado do Maranhão, no uso de suas atribuições e de conformidade com a Lei Orgânica Municipal Capitulo VII, Seção II, Artigo 65.<br />
Considerando o disposto no inicio II do art. 9° da Lei n°236 de janeiro de 1998, <strong>RESOLVE</strong>: 1° &#8211; <strong>NOMEAR</strong>, o Senhor <strong>RAI VIEIRA DA SILVA </strong>brasileiro, solteiro, maior, capaz portador do CPF 048.459.653 &#8211; 56 e RG 040385620100 SSP/MA, para exercer o cargo de <strong>COORDENADOR DE PROGRAMAS CC8</strong>, lotado na Secretaria de Municipal de Saúde. 2° &#8211; Esta portaria entra em vigor na data de sua publicação, revogadas as disposições em contrário. Leia -se, Publique -se e Cumpra-se em Magalhães de Almeida/MA, 01 de março de 2021. Raimundo Nonato Carvalho, Prefeito Municipal.</p>
