{"id":8185,"date":"2021-03-22T09:20:06","date_gmt":"2021-03-22T12:20:06","guid":{"rendered":"https:\/\/magalhaesdealmeida.ma.gov.br\/transparencia\/?post_type=publicacoesdom&#038;p=8185"},"modified":"2021-03-22T09:20:06","modified_gmt":"2021-03-22T12:20:06","slug":"decreto-no-011-2021","status":"publish","type":"publicacoesdom","link":"https:\/\/magalhaesdealmeida.ma.gov.br\/transparencia\/publicacoesdom\/decreto-no-011-2021\/","title":{"rendered":"DECRETO N\u00ba 011\/2021"},"content":{"rendered":"<p>O Prefeito Municipal de Magalh\u00e3es de Almeida, Estado do Maranh\u00e3o, no uso de suas atribui\u00e7\u00f5es legais, <strong>RESOLVE<\/strong>:<strong> Art. 1\u00ba<\/strong> &#8211; fica decretado <strong>Luto Oficial, por 03 (tr\u00eas) dias, de 22.a 24.03.2021<\/strong>, em virtude do falecimento da <strong>Sra. BERNARDA CARDOSO DE ARAUJO MONTEIRO<\/strong>, empres\u00e1ria e ex servidora p\u00fablica municipal. Art. 2\u00ba &#8211; Este decreto entra em vigor na data de sua publica\u00e7\u00e3o. Revogadas as disposi\u00e7\u00f5es em contr\u00e1rio. Leia-se, Publique-se e Cumpra-se, em Magalh\u00e3es de Almeida\/MA, 22 de mar\u00e7o de 2021. Raimundo Nonato Carvalho, Prefeito Municipal.<\/p>\n","protected":false},"author":4,"template":"","class_list":["post-8185","publicacoesdom","type-publicacoesdom","status-publish","hentry"],"acf":{"tipo_de_publicacao_diario":"23","e_retificacao":"1","origem_do_diario":"Poder Executivo","codigo_verificador":"3d25ece262771980214ec6f00772a97115cbe5ab"},"_links":{"self":[{"href":"https:\/\/magalhaesdealmeida.ma.gov.br\/transparencia\/wp-json\/wp\/v2\/publicacoesdom\/8185","targetHints":{"allow":["GET"]}}],"collection":[{"href":"https:\/\/magalhaesdealmeida.ma.gov.br\/transparencia\/wp-json\/wp\/v2\/publicacoesdom"}],"about":[{"href":"https:\/\/magalhaesdealmeida.ma.gov.br\/transparencia\/wp-json\/wp\/v2\/types\/publicacoesdom"}],"author":[{"embeddable":true,"href":"https:\/\/magalhaesdealmeida.ma.gov.br\/transparencia\/wp-json\/wp\/v2\/users\/4"}],"wp:attachment":[{"href":"https:\/\/magalhaesdealmeida.ma.gov.br\/transparencia\/wp-json\/wp\/v2\/media?parent=8185"}],"curies":[{"name":"wp","href":"https:\/\/api.w.org\/{rel}","templated":true}]}}

DECRETO Nº 011/2021

<p>O Prefeito Municipal de Magalhães de Almeida, Estado do Maranhão, no uso de suas atribuições legais, <strong>RESOLVE</strong>:<strong> Art. 1º</strong> &#8211; fica decretado <strong>Luto Oficial, por 03 (três) dias, de 22.a 24.03.2021</strong>, em virtude do falecimento da <strong>Sra. BERNARDA CARDOSO DE ARAUJO MONTEIRO</strong>, empresária e ex servidora pública municipal. Art. 2º &#8211; Este decreto entra em vigor na data de sua publicação. Revogadas as disposições em contrário. Leia-se, Publique-se e Cumpra-se, em Magalhães de Almeida/MA, 22 de março de 2021. Raimundo Nonato Carvalho, Prefeito Municipal.</p>
