{"id":8288,"date":"2021-04-13T11:08:57","date_gmt":"2021-04-13T14:08:57","guid":{"rendered":"https:\/\/magalhaesdealmeida.ma.gov.br\/transparencia\/?post_type=publicacoesdom&#038;p=8288"},"modified":"2021-04-13T11:08:57","modified_gmt":"2021-04-13T14:08:57","slug":"ata-da-reuniao-de-eleicao-e-posse-dos-membros-do-novo-conselho-municipal-de-acompanhamento-e-controle-social-do-fundo-de-manutencao-desenvolvimento-da-educacao-basica-e-de-valorizacao-dos-profissionai","status":"publish","type":"publicacoesdom","link":"https:\/\/magalhaesdealmeida.ma.gov.br\/transparencia\/publicacoesdom\/ata-da-reuniao-de-eleicao-e-posse-dos-membros-do-novo-conselho-municipal-de-acompanhamento-e-controle-social-do-fundo-de-manutencao-desenvolvimento-da-educacao-basica-e-de-valorizacao-dos-profissionai\/","title":{"rendered":"ATA DA REUNI\u00c3O DE ELEI\u00c7\u00c3O E POSSE DOS MEMBROS DO NOVO CONSELHO MUNICIPAL DE ACOMPANHAMENTO E CONTROLE SOCIAL DO FUNDO DE MANUTEN\u00c7\u00c3O DESENVOLVIMENTO DA EDUCA\u00c7\u00c3O B\u00c1SICA E DE VALORIZA\u00c7\u00c3O DOS PROFISSIONAIS DA EDUCA\u00c7\u00c3O \u2013 CACS\/FUNDEB DO MUNICIPIO DE MAG. DE ALMEIDA &#8211; MARANH\u00c3O"},"content":{"rendered":"<p>Aos seis dias do m\u00eas de abril do ano de dois mil e vinte e um, \u00e1s dez horas, reuniram-se no Audit\u00f3rio da Secretaria Municipal de Educa\u00e7\u00e3o os membros nomeados pelo Prefeito Municipal como tamb\u00e9m os eleitos de cada segmento para compor o Conselho Municipal de Acompanhamento e Controle Social do Fundo de Manuten\u00e7\u00e3o e Desenvolvimento da Educa\u00e7\u00e3o B\u00e1sica e de Valoriza\u00e7\u00e3o dos Profissionais da Educa\u00e7\u00e3o \u2013 CACS\/FUNDEB, para o mandato que encerrar\u00e1 no dia 31\/12\/2022. A solenidade teve in\u00edcio com as palavras do Coordenador, Sr. Shinayde Felex Portela, que apresentou aos presentes os novos membros na seguinte ordem: <strong>Representantes Titulares do Poder Executivo:<\/strong> Franciel Pessoa da Silva e Bernardo Prud\u00eancio Ara\u00fajo Junior; <strong>Representante dos Diretores das Escolas P\u00fablicas Municipais:<\/strong> a Professora Maria Cleres Nunes Escorcio; R<strong>epresentantes dos professores:<\/strong> Maria de Jesus Vilar dos Santos;<strong> Representante dos Servidores T\u00e9cnicos Administrativo das Escolas P\u00fablicas Municipais:<\/strong> a senhora Roselia Cardoso de Sousa; <strong>Representante dos Pais de Alunos:<\/strong> a Senhora Maria do Carmo P da Silva Bessa e Renata Brito Lima; <strong>Representantes dos Estudantes da Educa\u00e7\u00e3o B\u00e1sica P\u00fablica Municipal:<\/strong> a aluna Roberta Costa Nascimento e Giulianne Silva Sousa; <strong>Representante do Conselho Tutelar:<\/strong> o senhor Diego Alves Mendon\u00e7a; <strong>Representante do Conselho Municipal de Educa\u00e7\u00e3o<\/strong>: a professora Marinalva Marques Lima Costa; <strong>Representantes de Organiza\u00e7\u00f5es da Sociedade:<\/strong> a senhora Ada Elianete Freitas de Ara\u00fajo e Lourival dos Santos Brand\u00e3o; <strong>Representante de escolas quilombolas:<\/strong> a senhora Maria Jose dos Santos. Na sequ\u00eancia, houve uma elei\u00e7\u00e3o onde todos os representantes estavam candidatos para o cargo de presidente e vice &#8211; presidente com exce\u00e7\u00e3o dos representantes do Poder Executivo. Ap\u00f3s alguns minutos foi eleita a nova diretoria, ficando composta da seguinte forma: <strong>Presidente:<\/strong> Maria de Jesus Vilar dos Santos, <strong>Vice Presidente:<\/strong> Lourival dos Santos Brand\u00e3o, <strong>Secret\u00e1ria<\/strong>: Roselia Cardoso de Sousa. Em seguida o Coordenador, agradeceu a presen\u00e7a de todos e discorreu sobre a necessidade do Conselho fazer o acompanhamento dos gastos da Educa\u00e7\u00e3o B\u00e1sica, garantindo assim a melhoria na qualidade do ensino. Tamb\u00e9m fez uso da palavra, o presidente eleito que refor\u00e7ando as palavras do Coordenador afirmou estar sempre disposto a colaborar em a\u00e7\u00f5es que venham fortalecer a educa\u00e7\u00e3o no munic\u00edpio. Tamb\u00e9m foi combinado que o Conselho reunir-se-\u00e1 ordinariamente mensalmente para discutir os assuntos pertinentes as suas fun\u00e7\u00f5es e analisar presta\u00e7\u00e3o de contas e relat\u00f3rios cont\u00e1beis. Para encerrar, o Coordenador agradeceu a presen\u00e7a de todos e mandou que se lavrasse a presente ata que vai assinada por mim Roselia Cardoso de Sousa e pelos demais presentes.<\/p>\n","protected":false},"author":4,"template":"","class_list":["post-8288","publicacoesdom","type-publicacoesdom","status-publish","hentry"],"acf":{"tipo_de_publicacao_diario":"6","e_retificacao":"1","origem_do_diario":"Poder Executivo","codigo_verificador":"002202ff89836f4f8b1ae603f525def67f479404"},"_links":{"self":[{"href":"https:\/\/magalhaesdealmeida.ma.gov.br\/transparencia\/wp-json\/wp\/v2\/publicacoesdom\/8288","targetHints":{"allow":["GET"]}}],"collection":[{"href":"https:\/\/magalhaesdealmeida.ma.gov.br\/transparencia\/wp-json\/wp\/v2\/publicacoesdom"}],"about":[{"href":"https:\/\/magalhaesdealmeida.ma.gov.br\/transparencia\/wp-json\/wp\/v2\/types\/publicacoesdom"}],"author":[{"embeddable":true,"href":"https:\/\/magalhaesdealmeida.ma.gov.br\/transparencia\/wp-json\/wp\/v2\/users\/4"}],"wp:attachment":[{"href":"https:\/\/magalhaesdealmeida.ma.gov.br\/transparencia\/wp-json\/wp\/v2\/media?parent=8288"}],"curies":[{"name":"wp","href":"https:\/\/api.w.org\/{rel}","templated":true}]}}

ATA DA REUNIÃO DE ELEIÇÃO E POSSE DOS MEMBROS DO NOVO CONSELHO MUNICIPAL DE ACOMPANHAMENTO E CONTROLE SOCIAL DO FUNDO DE MANUTENÇÃO DESENVOLVIMENTO DA EDUCAÇÃO BÁSICA E DE VALORIZAÇÃO DOS PROFISSIONAIS DA EDUCAÇÃO – CACS/FUNDEB DO MUNICIPIO DE MAG. DE ALMEIDA &#8211; MARANHÃO

<p>Aos seis dias do mês de abril do ano de dois mil e vinte e um, ás dez horas, reuniram-se no Auditório da Secretaria Municipal de Educação os membros nomeados pelo Prefeito Municipal como também os eleitos de cada segmento para compor o Conselho Municipal de Acompanhamento e Controle Social do Fundo de Manutenção e Desenvolvimento da Educação Básica e de Valorização dos Profissionais da Educação – CACS/FUNDEB, para o mandato que encerrará no dia 31/12/2022. A solenidade teve início com as palavras do Coordenador, Sr. Shinayde Felex Portela, que apresentou aos presentes os novos membros na seguinte ordem: <strong>Representantes Titulares do Poder Executivo:</strong> Franciel Pessoa da Silva e Bernardo Prudêncio Araújo Junior; <strong>Representante dos Diretores das Escolas Públicas Municipais:</strong> a Professora Maria Cleres Nunes Escorcio; R<strong>epresentantes dos professores:</strong> Maria de Jesus Vilar dos Santos;<strong> Representante dos Servidores Técnicos Administrativo das Escolas Públicas Municipais:</strong> a senhora Roselia Cardoso de Sousa; <strong>Representante dos Pais de Alunos:</strong> a Senhora Maria do Carmo P da Silva Bessa e Renata Brito Lima; <strong>Representantes dos Estudantes da Educação Básica Pública Municipal:</strong> a aluna Roberta Costa Nascimento e Giulianne Silva Sousa; <strong>Representante do Conselho Tutelar:</strong> o senhor Diego Alves Mendonça; <strong>Representante do Conselho Municipal de Educação</strong>: a professora Marinalva Marques Lima Costa; <strong>Representantes de Organizações da Sociedade:</strong> a senhora Ada Elianete Freitas de Araújo e Lourival dos Santos Brandão; <strong>Representante de escolas quilombolas:</strong> a senhora Maria Jose dos Santos. Na sequência, houve uma eleição onde todos os representantes estavam candidatos para o cargo de presidente e vice &#8211; presidente com exceção dos representantes do Poder Executivo. Após alguns minutos foi eleita a nova diretoria, ficando composta da seguinte forma: <strong>Presidente:</strong> Maria de Jesus Vilar dos Santos, <strong>Vice Presidente:</strong> Lourival dos Santos Brandão, <strong>Secretária</strong>: Roselia Cardoso de Sousa. Em seguida o Coordenador, agradeceu a presença de todos e discorreu sobre a necessidade do Conselho fazer o acompanhamento dos gastos da Educação Básica, garantindo assim a melhoria na qualidade do ensino. Também fez uso da palavra, o presidente eleito que reforçando as palavras do Coordenador afirmou estar sempre disposto a colaborar em ações que venham fortalecer a educação no município. Também foi combinado que o Conselho reunir-se-á ordinariamente mensalmente para discutir os assuntos pertinentes as suas funções e analisar prestação de contas e relatórios contábeis. Para encerrar, o Coordenador agradeceu a presença de todos e mandou que se lavrasse a presente ata que vai assinada por mim Roselia Cardoso de Sousa e pelos demais presentes.</p>
