{"id":8868,"date":"2021-06-10T15:01:58","date_gmt":"2021-06-10T18:01:58","guid":{"rendered":"https:\/\/magalhaesdealmeida.ma.gov.br\/transparencia\/?post_type=publicacoesdom&#038;p=8868"},"modified":"2021-06-10T15:28:23","modified_gmt":"2021-06-10T18:28:23","slug":"extrato-de-contrato-no-202105024001-cpl-pmma-ma-do-pregao-presencial-no-007-2021","status":"publish","type":"publicacoesdom","link":"https:\/\/magalhaesdealmeida.ma.gov.br\/transparencia\/publicacoesdom\/extrato-de-contrato-no-202105024001-cpl-pmma-ma-do-pregao-presencial-no-007-2021\/","title":{"rendered":"EXTRATO DE CONTRATO N\u00ba 202105024001\/CPL &#8211; PMMA\/MA DO PREG\u00c3O PRESENCIAL N\u00ba 007\/2021"},"content":{"rendered":"<p>Prefeitura Municipal de Magalh\u00e3es de Almeida\/MA, Extrato de Contrato N\u00ba 202105024001\/CPL &#8211; PMMA\/MA, do Preg\u00e3o Presencial N\u00ba 007\/2021. Contratado: Marcos Portugal Alves Lima \u2013 Lava a Jato do Marc\u00e3o ME CNPJ: 34.751.794\/0001 \u2013 47 endere\u00e7o: Rua N\u00e9 Portugal, S\/N, anexo \u201cA\u201d Vila Neto Carvalho, Magalh\u00e3es de Almeida\/MA, neste ato representada pelo Sr. Marcos Portugal Alves Lima portador do CPF: 878.250.821-68, Contratante: Prefeitura Municipal de Magalh\u00e3es de Almeida atrav\u00e9s da Secretaria Municipal de Administra\u00e7\u00e3o. Objeto: <strong>Execu\u00e7\u00e3o dos servi\u00e7os de lavagem de ve\u00edculos da Prefeitura de Magalh\u00e3es de Almeida\/MA<\/strong>. R$ 57.940,00 (cinquenta e sete mil novecentos e quarenta reais). Recurso: 04.122.0050.2068.0000 &#8211; MANUT.E FUNC.DA SEC.TRANSPORTE, OBRAS INFRAEST. E SERV. URBANOS\/339039 000 \u2013 OUTROS SERVI\u00c7OS DE TERCEIROS PESSOA JUR\u00cdDICA\/26.122.0054.2011.0000 &#8211; MANUT.E FUNC.SETOR DE TRANSPORTES\/339039 000\u2013 OUTROS SERVI\u00c7OS DE TERCEIROS PESSOA JUR\u00cdDICA\/04.122.0050.2006.000 &#8211; MANUT.E FUNC.DA SECRETARIA DE ADMINISTRA\u00c7\u00c3O E FINAN\u00c7AS\/339039 000\u2013 OUTROS SERVI\u00c7OS DE TERCEIROS PESSOA JUR\u00cdDICA ASSINATURA DO CONTRATO: Raimundo Nonato Carvalho. Prefeito Municipal de Magalh\u00e3es de Almeida\/MA, 24 de maio de 2021.<\/p>\n<p>&nbsp;<\/p>\n","protected":false},"author":4,"template":"","class_list":["post-8868","publicacoesdom","type-publicacoesdom","status-publish","hentry"],"acf":{"tipo_de_publicacao_diario":"28","e_retificacao":"1","origem_do_diario":"Poder Executivo","codigo_verificador":"6d308856b6575bac86041264d1c618db6f170b28"},"_links":{"self":[{"href":"https:\/\/magalhaesdealmeida.ma.gov.br\/transparencia\/wp-json\/wp\/v2\/publicacoesdom\/8868","targetHints":{"allow":["GET"]}}],"collection":[{"href":"https:\/\/magalhaesdealmeida.ma.gov.br\/transparencia\/wp-json\/wp\/v2\/publicacoesdom"}],"about":[{"href":"https:\/\/magalhaesdealmeida.ma.gov.br\/transparencia\/wp-json\/wp\/v2\/types\/publicacoesdom"}],"author":[{"embeddable":true,"href":"https:\/\/magalhaesdealmeida.ma.gov.br\/transparencia\/wp-json\/wp\/v2\/users\/4"}],"wp:attachment":[{"href":"https:\/\/magalhaesdealmeida.ma.gov.br\/transparencia\/wp-json\/wp\/v2\/media?parent=8868"}],"curies":[{"name":"wp","href":"https:\/\/api.w.org\/{rel}","templated":true}]}}

EXTRATO DE CONTRATO Nº 202105024001/CPL &#8211; PMMA/MA DO PREGÃO PRESENCIAL Nº 007/2021

<p>Prefeitura Municipal de Magalhães de Almeida/MA, Extrato de Contrato Nº 202105024001/CPL &#8211; PMMA/MA, do Pregão Presencial Nº 007/2021. Contratado: Marcos Portugal Alves Lima – Lava a Jato do Marcão ME CNPJ: 34.751.794/0001 – 47 endereço: Rua Né Portugal, S/N, anexo “A” Vila Neto Carvalho, Magalhães de Almeida/MA, neste ato representada pelo Sr. Marcos Portugal Alves Lima portador do CPF: 878.250.821-68, Contratante: Prefeitura Municipal de Magalhães de Almeida através da Secretaria Municipal de Administração. Objeto: <strong>Execução dos serviços de lavagem de veículos da Prefeitura de Magalhães de Almeida/MA</strong>. R$ 57.940,00 (cinquenta e sete mil novecentos e quarenta reais). Recurso: 04.122.0050.2068.0000 &#8211; MANUT.E FUNC.DA SEC.TRANSPORTE, OBRAS INFRAEST. E SERV. URBANOS/339039 000 – OUTROS SERVIÇOS DE TERCEIROS PESSOA JURÍDICA/26.122.0054.2011.0000 &#8211; MANUT.E FUNC.SETOR DE TRANSPORTES/339039 000– OUTROS SERVIÇOS DE TERCEIROS PESSOA JURÍDICA/04.122.0050.2006.000 &#8211; MANUT.E FUNC.DA SECRETARIA DE ADMINISTRAÇÃO E FINANÇAS/339039 000– OUTROS SERVIÇOS DE TERCEIROS PESSOA JURÍDICA ASSINATURA DO CONTRATO: Raimundo Nonato Carvalho. Prefeito Municipal de Magalhães de Almeida/MA, 24 de maio de 2021.</p>
<p>&nbsp;</p>
