{"id":8871,"date":"2021-06-10T15:26:31","date_gmt":"2021-06-10T18:26:31","guid":{"rendered":"https:\/\/magalhaesdealmeida.ma.gov.br\/transparencia\/?post_type=publicacoesdom&#038;p=8871"},"modified":"2021-06-10T15:26:31","modified_gmt":"2021-06-10T18:26:31","slug":"extrato-de-contrato-no-202105024003-cpl-pmma-ma-do-pregao-presencial-no-007-2021","status":"publish","type":"publicacoesdom","link":"https:\/\/magalhaesdealmeida.ma.gov.br\/transparencia\/publicacoesdom\/extrato-de-contrato-no-202105024003-cpl-pmma-ma-do-pregao-presencial-no-007-2021\/","title":{"rendered":"EXTRATO DE CONTRATO N\u00ba 202105024003\/CPL &#8211; PMMA\/MA DO PREG\u00c3O PRESENCIAL N\u00ba 007\/2021"},"content":{"rendered":"<p>Prefeitura Municipal de Magalh\u00e3es de Almeida\/MA, EXTRATO DE CONTRATO N\u00ba 202105024003\/CPL &#8211; PMMA\/MA, DO PREG\u00c3O PRESENCIAL N\u00ba 007\/2021. Contratado: Marcos Portugal Alves Lima \u2013 Lava a Jato do Marc\u00e3o ME CNPJ: 34.751.794\/0001 \u2013 47 endere\u00e7o: Rua N\u00e9 Portugal, S\/N, anexo \u201cA\u201d Vila Neto Carvalho, Magalh\u00e3es de Almeida\/MA, neste ato representada pelo Sr. Marcos Portugal Alves Lima portador do CPF: 878.250.821-68,\u00a0 Contratante: Prefeitura Municipal de Magalh\u00e3es de Almeida atrav\u00e9s da Secretaria Municipal de Sa\u00fade . objeto: <strong>execu\u00e7\u00e3o dos servi\u00e7os de lavagem de ve\u00edculos da prefeitura de Magalh\u00e3es de Almeida\/MA.<\/strong> r$ 41.400,00 (quarenta e um mil e quatrocentos reais). Recurso: ASSINATURA DO CONTRATO: RAIMUNDO NONATO 10.122.0050.2043.000 &#8211; MANUTEN\u00c7\u00c3O E FUNC.DA SEC.DE SA\u00daDE E SANEAMENTO\/339039 000\u2013 OUTROS SERVI\u00c7OS DE TERCEIROS PESSOA JUR\u00cdDICA\/10.122.0290.2051.0000 &#8211; MANUTEN\u00c7\u00c3O DO FUNDO MUNICIPAL DE SA\u00daDE\/339039 000\u2013 OUTROS SERVI\u00c7OS DE TERCEIROS PESSOA JUR\u00cdDICA ASSINATURA DO CONTRATO: Raimundo Nonato Carvalho.\u00a0 Prefeito Municipal de Magalh\u00e3es de Almeida\/MA, 24 de maio de 2021.<\/p>\n","protected":false},"author":4,"template":"","class_list":["post-8871","publicacoesdom","type-publicacoesdom","status-publish","hentry"],"acf":{"tipo_de_publicacao_diario":"28","e_retificacao":"1","origem_do_diario":"Poder Executivo","codigo_verificador":"d6181309b84eafcb6d248c3df15d017673a40504"},"_links":{"self":[{"href":"https:\/\/magalhaesdealmeida.ma.gov.br\/transparencia\/wp-json\/wp\/v2\/publicacoesdom\/8871","targetHints":{"allow":["GET"]}}],"collection":[{"href":"https:\/\/magalhaesdealmeida.ma.gov.br\/transparencia\/wp-json\/wp\/v2\/publicacoesdom"}],"about":[{"href":"https:\/\/magalhaesdealmeida.ma.gov.br\/transparencia\/wp-json\/wp\/v2\/types\/publicacoesdom"}],"author":[{"embeddable":true,"href":"https:\/\/magalhaesdealmeida.ma.gov.br\/transparencia\/wp-json\/wp\/v2\/users\/4"}],"wp:attachment":[{"href":"https:\/\/magalhaesdealmeida.ma.gov.br\/transparencia\/wp-json\/wp\/v2\/media?parent=8871"}],"curies":[{"name":"wp","href":"https:\/\/api.w.org\/{rel}","templated":true}]}}

EXTRATO DE CONTRATO Nº 202105024003/CPL &#8211; PMMA/MA DO PREGÃO PRESENCIAL Nº 007/2021

<p>Prefeitura Municipal de Magalhães de Almeida/MA, EXTRATO DE CONTRATO Nº 202105024003/CPL &#8211; PMMA/MA, DO PREGÃO PRESENCIAL Nº 007/2021. Contratado: Marcos Portugal Alves Lima – Lava a Jato do Marcão ME CNPJ: 34.751.794/0001 – 47 endereço: Rua Né Portugal, S/N, anexo “A” Vila Neto Carvalho, Magalhães de Almeida/MA, neste ato representada pelo Sr. Marcos Portugal Alves Lima portador do CPF: 878.250.821-68,  Contratante: Prefeitura Municipal de Magalhães de Almeida através da Secretaria Municipal de Saúde . objeto: <strong>execução dos serviços de lavagem de veículos da prefeitura de Magalhães de Almeida/MA.</strong> r$ 41.400,00 (quarenta e um mil e quatrocentos reais). Recurso: ASSINATURA DO CONTRATO: RAIMUNDO NONATO 10.122.0050.2043.000 &#8211; MANUTENÇÃO E FUNC.DA SEC.DE SAÚDE E SANEAMENTO/339039 000– OUTROS SERVIÇOS DE TERCEIROS PESSOA JURÍDICA/10.122.0290.2051.0000 &#8211; MANUTENÇÃO DO FUNDO MUNICIPAL DE SAÚDE/339039 000– OUTROS SERVIÇOS DE TERCEIROS PESSOA JURÍDICA ASSINATURA DO CONTRATO: Raimundo Nonato Carvalho.  Prefeito Municipal de Magalhães de Almeida/MA, 24 de maio de 2021.</p>
