{"id":9898,"date":"2021-08-03T14:59:27","date_gmt":"2021-08-03T17:59:27","guid":{"rendered":"https:\/\/magalhaesdealmeida.ma.gov.br\/transparencia\/?post_type=publicacoesdom&#038;p=9898"},"modified":"2021-08-03T14:59:27","modified_gmt":"2021-08-03T17:59:27","slug":"decreto-no-024-2021","status":"publish","type":"publicacoesdom","link":"https:\/\/magalhaesdealmeida.ma.gov.br\/transparencia\/publicacoesdom\/decreto-no-024-2021\/","title":{"rendered":"DECRETO N\u00ba 024\/2021"},"content":{"rendered":"<p><strong><em>Traz flexibiliza\u00e7\u00f5es graduais concernentes \u00e0 realiza\u00e7\u00e3o de reuni\u00f5es e pequenos eventos em conson\u00e2ncia \u00e0s medidas de preven\u00e7\u00e3o ao cont\u00e1gio pelo Coronav\u00edrus (Covid-19) no \u00e2mbito da Administra\u00e7\u00e3o P\u00fablica Municipal e d\u00e1 outras provid\u00eancias.<br \/>\n<\/em><\/strong><strong>O PREFEITO MUNICIPAL DE MAGALH\u00c3ES DE ALMEIDA,<\/strong> Estado do Maranh\u00e3o no uso das atribui\u00e7\u00f5es que lhe s\u00e3o conferidas pelo art. 67, VI, da Lei Org\u00e2nica do Munic\u00edpio:<br \/>\n<strong>CONSIDERANDO<\/strong> que \u00e9 compet\u00eancia do Chefe do Poder Executivo, dentro do Princ\u00edpio do Interesse P\u00fablico, e com base no art. 67, VI, da Lei Org\u00e2nica do Munic\u00edpio de expedir decretos para regulamentar as leis, com vistas a resguardar e promover o bem-estar da coletividade;<br \/>\n<strong>CONSIDERANDO<\/strong> que o Minist\u00e9rio da Sa\u00fade, por meio da Portaria n\u00ba 188, de 03.02.2020, por conta da infec\u00e7\u00e3o humana pelo novo coronav\u00edrus (COVID-19), declarou estado de Emerg\u00eancia (Calamidade) em Sa\u00fade P\u00fablica de Import\u00e2ncia Nacional -ESPIN;<br \/>\n<strong>CONSIDERANDO<\/strong> que a C\u00e2mara dos Deputados, em 18 de mar\u00e7o de 2020, e o Senado Federal, em 20 de mar\u00e7o de 2020, reconheceram a exist\u00eancia de calamidade p\u00fablica para os fins do artigo 65, da Lei Complementar Federal n\u00ba 101, de 4 de maio de2000;<br \/>\n<strong>CONSIDERANDO<\/strong> os Decretos Estaduais n\u00ba 35.672, de 16.03.2020, que disp\u00f4s, no \u00e2mbito do Estado do Maranh\u00e3o, sobre as medidas de calamidade p\u00fablica em sa\u00fade p\u00fablica de import\u00e2ncia internacional e suas altera\u00e7\u00f5es, em especial o decreto n\u00ba. 35.731 de 11 de abril de 2020;<br \/>\n<strong>CONSIDERANDO<\/strong>, a necessidade de disciplinar, no \u00e2mbito do Munic\u00edpio de Magalh\u00e3es de Almeida- MA as regras, procedimentos e medidas de funcionamento das atividades econ\u00f4micas e p\u00fablicas diante da atual crise sanit\u00e1ria enfrentada;<br \/>\n<strong>CONSIDERANDO<\/strong>, por fim, que o Munic\u00edpio de Magalh\u00e3es de Almeida apresenta n\u00famero significativo de casos confirmados da COVID-19, e visando a necess\u00e1ria aplica\u00e7\u00e3o de medidas a barrar a prolifera\u00e7\u00e3o, o regime restritivo e todas as medidas constantes deste Decreto ser\u00e3o prorrogadas at\u00e9 o dia 23 de agosto de 2021, momento em que se proceder\u00e1 a uma nova avalia\u00e7\u00e3o das circunst\u00e2ncias encontradas nesta urbe.<br \/>\n<strong>DECRETA:<br \/>\n<\/strong><strong>Art. 1\u00b0 <\/strong>Continua obrigat\u00f3rio, em todo o Munic\u00edpio de Magalh\u00e3es de Almeida-MA, o uso de m\u00e1scara de prote\u00e7\u00e3o, descart\u00e1veis, caseiras ou reutiliz\u00e1veis, como medida n\u00e3o farmacol\u00f3gica destinada a contribuir para a conten\u00e7\u00e3o e preven\u00e7\u00e3o da COVID-19, infec\u00e7\u00e3o humana causada pelo Coronav\u00edrus (SARS \u2013 CoV-2).<br \/>\n<strong>Art. 2\u00ba<\/strong> Fica permitido o funcionamento do com\u00e9rcio local, condicionado \u00e0s medidas sanit\u00e1rias e ao n\u00famero reduzido de pessoas dentro do estabelecimento, ficando mantidas as disposi\u00e7\u00f5es dos decretos anteriores quanto ao cumprimento das normas sanit\u00e1rias preconizadas pelos \u00f3rg\u00e3os de sa\u00fade.<\/p>\n<ul>\n<li><strong>1\u00b0<\/strong> O funcionamento de lanchonetes, bares, restaurantes e estabelecimentos cong\u00eaneres dever\u00e1 respeitar \u00e0s medidas restritivas realizadas pela Vigil\u00e2ncia Sanit\u00e1ria Municipal em caso de consumo de alimentos e bebidas no estabelecimento.<\/li>\n<\/ul>\n<p><strong>Art. 3\u00b0 <\/strong>Quanto ao funcionamento das academias \u00e9 permitido, e ficam mantidas, em sua integralidade, as disposi\u00e7\u00f5es previstas no artigo 5\u00ba do Decreto n.\u00ba 13\/2021.<br \/>\n<strong>Art. 4\u00b0<\/strong> Fica vedado ao Sistema Municipal de Ensino, nas escolas da rede p\u00fablica municipal e nas escolas da rede privada de ensino, aulas presenciais, sendo estas substitu\u00eddas por ensino remoto, assim sendo atividades letivas e pedag\u00f3gicas que utilizem recursos educacionais digitais, tecnol\u00f3gicos de informa\u00e7\u00e3o e comunica\u00e7\u00e3o ou outros meios afins, e atividades em regime domiciliar.<\/p>\n<ul>\n<li><strong>1\u00b0<\/strong> Ser\u00e1 de responsabilidade da Secretaria Municipal de Educa\u00e7\u00e3o, a defini\u00e7\u00e3o dos conte\u00fados a serem aplicados, das ferramentas a serem utilizadas, bem como as formas de avalia\u00e7\u00e3o, para fins de funcionamento da educa\u00e7\u00e3o remota nesse per\u00edodo.<\/li>\n<li><strong>2\u00b0<\/strong> Aos cursos t\u00e9cnicos fica permitido o ensino presencial em ambiente amplo e arejado, observadas todas as medidas restritivas e de distanciamento social estabelecidas pela Vigil\u00e2ncia Sanit\u00e1ria.<\/li>\n<\/ul>\n<p><strong>Art. 5\u00ba<\/strong> Fica permitido o funcionamento das feiras livres, mantidas as disposi\u00e7\u00f5es estabelecidas pelo Decreto anterior quanto \u00e0s normas sanit\u00e1rias, e condicionada \u00e0 demarca\u00e7\u00e3o de local para o seu funcionamento pelo \u00f3rg\u00e3o sanit\u00e1rio municipal.<br \/>\n<strong>Art. 6\u00ba<\/strong> Fica permitida nesta municipalidade a realiza\u00e7\u00e3o de manifesta\u00e7\u00e3o religiosa (missas, cultos etc.) em templos, igrejas e afins, ficando condicionada pela demarca\u00e7\u00e3o de distanciamento do local pela vigil\u00e2ncia sanit\u00e1ria local, e observados os protocolos de sa\u00fade e as medidas restritivas, tais como: quantidade reduzida de fi\u00e9is, distanciamento social, disponibiliza\u00e7\u00e3o de \u00e1lcool em gel 70% e o uso obrigat\u00f3rio de m\u00e1scara.<br \/>\n<strong>Art. 7\u00ba<\/strong> A partir de 03 de agosto de 2021, em todo o territ\u00f3rio do Munic\u00edpio de Magalh\u00e3es de Almeida, a realiza\u00e7\u00e3o presencial de reuni\u00f5es e pequenos eventos, p\u00fablicos e privados, dar-se-\u00e1 de acordo com as seguintes regras:<\/p>\n<ul>\n<li>I- uso de m\u00e1scaras faciais de prote\u00e7\u00e3o e observ\u00e2ncia de etiqueta respirat\u00f3ria;<\/li>\n<li>II- necessidade de observ\u00e2ncia dos seguintes limites m\u00e1ximos de lota\u00e7\u00e3o:<\/li>\n<\/ul>\n<p>100 (cem) pessoas, por evento, em ambientes fechados, quantitativo que deve ser reduzido \u00e0 vista da capacidade f\u00edsica do ambiente a fim de que seja garantida a observ\u00e2ncia da dist\u00e2ncia de seguran\u00e7a determinada pela equipe de Vigil\u00e2ncia Sanit\u00e1ria;<\/p>\n<p>200 (duzentas) pessoas, por evento, em ambientes abertos e ventilados, quantitativo que deve ser reduzido \u00e0 vista da capacidade f\u00edsica do ambiente a fim de que seja garantida a observ\u00e2ncia da dist\u00e2ncia de seguran\u00e7a determinada pela equipe de Vigil\u00e2ncia Sanit\u00e1ria.<\/p>\n<ul>\n<li><strong>1\u00b0 <\/strong>\u00c9 de total responsabilidade do respons\u00e1vel pelo evento e\/ou propriet\u00e1rio do estabelecimento o cumprimento das normas estabelecidas neste artigo, de modo que o descumprimento das referidas normas sujeitar\u00e1 o infrator \u00e0 aplica\u00e7\u00e3o do disposto nos artigos 12 e 13 deste decreto.<\/li>\n<li><strong>2\u00b0<\/strong> A qualquer tempo, a autoriza\u00e7\u00e3o para a realiza\u00e7\u00e3o de eventos p\u00fablicos e privados de pequeno porte, constante deste Decreto, poder\u00e1 ser suspensa, considerando os indicadores relativos \u00e0 COVID-19 nesta municipalidade.<\/li>\n<\/ul>\n<p><strong>Art. 8\u00ba <\/strong>Quanto ao funcionamento dos sal\u00f5es de beleza, est\u00fadio de tatuagens e afins, somente ser\u00e1 permitido e poss\u00edvel o seu funcionamento mediante agendamento pr\u00e9vio e condicionado ao cumprimento das medidas sanit\u00e1rias estabelecidas pelos \u00f3rg\u00e3os de sa\u00fade.<br \/>\n<strong>Art. 9\u00ba <\/strong>Os Bancos, Lot\u00e9ricas e Correspondentes Banc\u00e1rios, fica permitido o funcionamento, observando as demarca\u00e7\u00f5es de distanciamento pelo \u00f3rg\u00e3o sanit\u00e1rio, bem como o cumprimento das medidas sanit\u00e1rias estabelecidas pelos \u00f3rg\u00e3os sa\u00fade.<br \/>\n<strong>Art. 10\u00ba <\/strong>Aos meios de transportes de uso coletivo nesta municipalidade, ser\u00e1 permitida a sua circula\u00e7\u00e3o condicionadas ao cumprimento das normas preconizadas pelos \u00f3rg\u00e3os de sa\u00fade, permanecendo as disposi\u00e7\u00f5es estabelecidas em decretos anteriores.<\/p>\n<ul>\n<li><strong>1\u00b0<\/strong> \u00c9 de responsabilidade do motorista a realiza\u00e7\u00e3o e apresenta\u00e7\u00e3o de busca ativa de todas as pessoas que est\u00e3o fazendo a migra\u00e7\u00e3o, devendo estas permanecerem em quarentena e monitoramento que dever\u00e1 ser realizado pelos agentes de sa\u00fade desta urbe.<\/li>\n<\/ul>\n<p><strong>Art. 11\u00ba<\/strong> As demais atividades ficam permitidas desde que cumpram, na sua integralidade, com as normas estabelecidas pelos \u00f3rg\u00e3os sanit\u00e1rios.<br \/>\n<strong>Art. 12\u00ba<\/strong> O descumprimento de qualquer das medidas estabelecidas neste Decreto enseja ao infrator a san\u00e7\u00e3o prevista no art. 268 do C\u00f3digo Penal Brasileiro, ap\u00f3s o devido processo legal.<br \/>\n<strong>Art. 13\u00ba<\/strong> O descumprimento das normas estabelecidas neste Decreto Municipal sujeitar\u00e1 o infrator a aplica\u00e7\u00e3o de multas que podem variar de 01 (um) e 03 (tr\u00eas) sal\u00e1rios-m\u00ednimos no caso de n\u00e3o possuir alvar\u00e1, e caso possua, acarretar\u00e1 a cassa\u00e7\u00e3o do alvar\u00e1 e interdi\u00e7\u00e3o do estabelecimento, bem como multa no valor equivalente a tr\u00eas vezes o valor do alvar\u00e1.<br \/>\n<strong>Art. 14\u00b0 <\/strong>Para o regular cumprimento deste decreto, todos os estabelecimentos comerciais ou n\u00e3o, academias, escrit\u00f3rios, est\u00fadio de tatuagem, igrejas, templos religiosos e sal\u00f5es de beleza, dever\u00e3o cumprir, integralmente, as normas que preconizados pelos \u00f3rg\u00e3os de sa\u00fade e sanit\u00e1rios quanto ao distanciamento social, disponibiliza\u00e7\u00e3o de \u00e1lcool em gel 70% e o uso obrigat\u00f3rio de m\u00e1scara.<br \/>\n<strong>Art. 15\u00ba<\/strong> Este Decreto entra em vigor na data de sua publica\u00e7\u00e3o, revogando apenas as disposi\u00e7\u00f5es que lhe forem contr\u00e1rias, podendo ser objeto de revoga\u00e7\u00e3o a qualquer momento de acordo com pr\u00e9via avalia\u00e7\u00e3o das autoridades sanit\u00e1rias e valer\u00e1 at\u00e9 o dia 23 de agosto de 2021.<br \/>\nGabinete do Prefeito Municipal de Magalh\u00e3es de Almeida\/MA, 03 de agosto de 2021. Raimundo Nonato Carvalho, Prefeito Municipal.<\/p>\n","protected":false},"author":4,"template":"","class_list":["post-9898","publicacoesdom","type-publicacoesdom","status-publish","hentry"],"acf":{"tipo_de_publicacao_diario":"23","e_retificacao":"1","origem_do_diario":"Poder Executivo","codigo_verificador":"661361199f03591d3eddb76bc3a88dc15a864e35"},"_links":{"self":[{"href":"https:\/\/magalhaesdealmeida.ma.gov.br\/transparencia\/wp-json\/wp\/v2\/publicacoesdom\/9898","targetHints":{"allow":["GET"]}}],"collection":[{"href":"https:\/\/magalhaesdealmeida.ma.gov.br\/transparencia\/wp-json\/wp\/v2\/publicacoesdom"}],"about":[{"href":"https:\/\/magalhaesdealmeida.ma.gov.br\/transparencia\/wp-json\/wp\/v2\/types\/publicacoesdom"}],"author":[{"embeddable":true,"href":"https:\/\/magalhaesdealmeida.ma.gov.br\/transparencia\/wp-json\/wp\/v2\/users\/4"}],"wp:attachment":[{"href":"https:\/\/magalhaesdealmeida.ma.gov.br\/transparencia\/wp-json\/wp\/v2\/media?parent=9898"}],"curies":[{"name":"wp","href":"https:\/\/api.w.org\/{rel}","templated":true}]}}

DECRETO Nº 024/2021

<p><strong><em>Traz flexibilizações graduais concernentes à realização de reuniões e pequenos eventos em consonância às medidas de prevenção ao contágio pelo Coronavírus (Covid-19) no âmbito da Administração Pública Municipal e dá outras providências.<br />
</em></strong><strong>O PREFEITO MUNICIPAL DE MAGALHÃES DE ALMEIDA,</strong> Estado do Maranhão no uso das atribuições que lhe são conferidas pelo art. 67, VI, da Lei Orgânica do Município:<br />
<strong>CONSIDERANDO</strong> que é competência do Chefe do Poder Executivo, dentro do Princípio do Interesse Público, e com base no art. 67, VI, da Lei Orgânica do Município de expedir decretos para regulamentar as leis, com vistas a resguardar e promover o bem-estar da coletividade;<br />
<strong>CONSIDERANDO</strong> que o Ministério da Saúde, por meio da Portaria nº 188, de 03.02.2020, por conta da infecção humana pelo novo coronavírus (COVID-19), declarou estado de Emergência (Calamidade) em Saúde Pública de Importância Nacional -ESPIN;<br />
<strong>CONSIDERANDO</strong> que a Câmara dos Deputados, em 18 de março de 2020, e o Senado Federal, em 20 de março de 2020, reconheceram a existência de calamidade pública para os fins do artigo 65, da Lei Complementar Federal nº 101, de 4 de maio de2000;<br />
<strong>CONSIDERANDO</strong> os Decretos Estaduais nº 35.672, de 16.03.2020, que dispôs, no âmbito do Estado do Maranhão, sobre as medidas de calamidade pública em saúde pública de importância internacional e suas alterações, em especial o decreto nº. 35.731 de 11 de abril de 2020;<br />
<strong>CONSIDERANDO</strong>, a necessidade de disciplinar, no âmbito do Município de Magalhães de Almeida- MA as regras, procedimentos e medidas de funcionamento das atividades econômicas e públicas diante da atual crise sanitária enfrentada;<br />
<strong>CONSIDERANDO</strong>, por fim, que o Município de Magalhães de Almeida apresenta número significativo de casos confirmados da COVID-19, e visando a necessária aplicação de medidas a barrar a proliferação, o regime restritivo e todas as medidas constantes deste Decreto serão prorrogadas até o dia 23 de agosto de 2021, momento em que se procederá a uma nova avaliação das circunstâncias encontradas nesta urbe.<br />
<strong>DECRETA:<br />
</strong><strong>Art. 1° </strong>Continua obrigatório, em todo o Município de Magalhães de Almeida-MA, o uso de máscara de proteção, descartáveis, caseiras ou reutilizáveis, como medida não farmacológica destinada a contribuir para a contenção e prevenção da COVID-19, infecção humana causada pelo Coronavírus (SARS – CoV-2).<br />
<strong>Art. 2º</strong> Fica permitido o funcionamento do comércio local, condicionado às medidas sanitárias e ao número reduzido de pessoas dentro do estabelecimento, ficando mantidas as disposições dos decretos anteriores quanto ao cumprimento das normas sanitárias preconizadas pelos órgãos de saúde.</p>
<ul>
<li><strong>1°</strong> O funcionamento de lanchonetes, bares, restaurantes e estabelecimentos congêneres deverá respeitar às medidas restritivas realizadas pela Vigilância Sanitária Municipal em caso de consumo de alimentos e bebidas no estabelecimento.</li>
</ul>
<p><strong>Art. 3° </strong>Quanto ao funcionamento das academias é permitido, e ficam mantidas, em sua integralidade, as disposições previstas no artigo 5º do Decreto n.º 13/2021.<br />
<strong>Art. 4°</strong> Fica vedado ao Sistema Municipal de Ensino, nas escolas da rede pública municipal e nas escolas da rede privada de ensino, aulas presenciais, sendo estas substituídas por ensino remoto, assim sendo atividades letivas e pedagógicas que utilizem recursos educacionais digitais, tecnológicos de informação e comunicação ou outros meios afins, e atividades em regime domiciliar.</p>
<ul>
<li><strong>1°</strong> Será de responsabilidade da Secretaria Municipal de Educação, a definição dos conteúdos a serem aplicados, das ferramentas a serem utilizadas, bem como as formas de avaliação, para fins de funcionamento da educação remota nesse período.</li>
<li><strong>2°</strong> Aos cursos técnicos fica permitido o ensino presencial em ambiente amplo e arejado, observadas todas as medidas restritivas e de distanciamento social estabelecidas pela Vigilância Sanitária.</li>
</ul>
<p><strong>Art. 5º</strong> Fica permitido o funcionamento das feiras livres, mantidas as disposições estabelecidas pelo Decreto anterior quanto às normas sanitárias, e condicionada à demarcação de local para o seu funcionamento pelo órgão sanitário municipal.<br />
<strong>Art. 6º</strong> Fica permitida nesta municipalidade a realização de manifestação religiosa (missas, cultos etc.) em templos, igrejas e afins, ficando condicionada pela demarcação de distanciamento do local pela vigilância sanitária local, e observados os protocolos de saúde e as medidas restritivas, tais como: quantidade reduzida de fiéis, distanciamento social, disponibilização de álcool em gel 70% e o uso obrigatório de máscara.<br />
<strong>Art. 7º</strong> A partir de 03 de agosto de 2021, em todo o território do Município de Magalhães de Almeida, a realização presencial de reuniões e pequenos eventos, públicos e privados, dar-se-á de acordo com as seguintes regras:</p>
<ul>
<li>I- uso de máscaras faciais de proteção e observância de etiqueta respiratória;</li>
<li>II- necessidade de observância dos seguintes limites máximos de lotação:</li>
</ul>
<p>100 (cem) pessoas, por evento, em ambientes fechados, quantitativo que deve ser reduzido à vista da capacidade física do ambiente a fim de que seja garantida a observância da distância de segurança determinada pela equipe de Vigilância Sanitária;</p>
<p>200 (duzentas) pessoas, por evento, em ambientes abertos e ventilados, quantitativo que deve ser reduzido à vista da capacidade física do ambiente a fim de que seja garantida a observância da distância de segurança determinada pela equipe de Vigilância Sanitária.</p>
<ul>
<li><strong>1° </strong>É de total responsabilidade do responsável pelo evento e/ou proprietário do estabelecimento o cumprimento das normas estabelecidas neste artigo, de modo que o descumprimento das referidas normas sujeitará o infrator à aplicação do disposto nos artigos 12 e 13 deste decreto.</li>
<li><strong>2°</strong> A qualquer tempo, a autorização para a realização de eventos públicos e privados de pequeno porte, constante deste Decreto, poderá ser suspensa, considerando os indicadores relativos à COVID-19 nesta municipalidade.</li>
</ul>
<p><strong>Art. 8º </strong>Quanto ao funcionamento dos salões de beleza, estúdio de tatuagens e afins, somente será permitido e possível o seu funcionamento mediante agendamento prévio e condicionado ao cumprimento das medidas sanitárias estabelecidas pelos órgãos de saúde.<br />
<strong>Art. 9º </strong>Os Bancos, Lotéricas e Correspondentes Bancários, fica permitido o funcionamento, observando as demarcações de distanciamento pelo órgão sanitário, bem como o cumprimento das medidas sanitárias estabelecidas pelos órgãos saúde.<br />
<strong>Art. 10º </strong>Aos meios de transportes de uso coletivo nesta municipalidade, será permitida a sua circulação condicionadas ao cumprimento das normas preconizadas pelos órgãos de saúde, permanecendo as disposições estabelecidas em decretos anteriores.</p>
<ul>
<li><strong>1°</strong> É de responsabilidade do motorista a realização e apresentação de busca ativa de todas as pessoas que estão fazendo a migração, devendo estas permanecerem em quarentena e monitoramento que deverá ser realizado pelos agentes de saúde desta urbe.</li>
</ul>
<p><strong>Art. 11º</strong> As demais atividades ficam permitidas desde que cumpram, na sua integralidade, com as normas estabelecidas pelos órgãos sanitários.<br />
<strong>Art. 12º</strong> O descumprimento de qualquer das medidas estabelecidas neste Decreto enseja ao infrator a sanção prevista no art. 268 do Código Penal Brasileiro, após o devido processo legal.<br />
<strong>Art. 13º</strong> O descumprimento das normas estabelecidas neste Decreto Municipal sujeitará o infrator a aplicação de multas que podem variar de 01 (um) e 03 (três) salários-mínimos no caso de não possuir alvará, e caso possua, acarretará a cassação do alvará e interdição do estabelecimento, bem como multa no valor equivalente a três vezes o valor do alvará.<br />
<strong>Art. 14° </strong>Para o regular cumprimento deste decreto, todos os estabelecimentos comerciais ou não, academias, escritórios, estúdio de tatuagem, igrejas, templos religiosos e salões de beleza, deverão cumprir, integralmente, as normas que preconizados pelos órgãos de saúde e sanitários quanto ao distanciamento social, disponibilização de álcool em gel 70% e o uso obrigatório de máscara.<br />
<strong>Art. 15º</strong> Este Decreto entra em vigor na data de sua publicação, revogando apenas as disposições que lhe forem contrárias, podendo ser objeto de revogação a qualquer momento de acordo com prévia avaliação das autoridades sanitárias e valerá até o dia 23 de agosto de 2021.<br />
Gabinete do Prefeito Municipal de Magalhães de Almeida/MA, 03 de agosto de 2021. Raimundo Nonato Carvalho, Prefeito Municipal.</p>
